{"id":2390,"date":"2026-03-01T13:04:02","date_gmt":"2026-03-01T13:04:02","guid":{"rendered":"https:\/\/www.satakunnansuunnistus.fi\/uusi\/?page_id=2390"},"modified":"2026-03-08T11:53:16","modified_gmt":"2026-03-08T11:53:16","slug":"wsc26-osakilpailu-6","status":"publish","type":"page","link":"https:\/\/www.satakunnansuunnistus.fi\/uusi\/wsc26-osakilpailu-6\/","title":{"rendered":"WSC26 &#8211; Osakilpailu 6"},"content":{"rendered":"\t\t<div data-elementor-type=\"wp-page\" data-elementor-id=\"2390\" class=\"elementor elementor-2390\">\n\t\t\t\t<div class=\"elementor-element elementor-element-aa8302e e-flex e-con-boxed e-con e-parent\" data-id=\"aa8302e\" data-element_type=\"container\" data-e-type=\"container\">\n\t\t\t\t\t<div class=\"e-con-inner\">\n\t\t\t\t<div class=\"elementor-element elementor-element-8491df4 elementor-widget elementor-widget-shortcode\" data-id=\"8491df4\" data-element_type=\"widget\" data-e-type=\"widget\" data-widget_type=\"shortcode.default\">\n\t\t\t\t<div class=\"elementor-widget-container\">\n\t\t\t\t\t\t\t<div class=\"elementor-shortcode\">\n<table class=\"wsc-table\" style=\"border-collapse:collapse;width:100%\">\n<tr>\n<th>#<\/th><th>Nimi<\/th><th>Seura<\/th><th>Uusi aika<\/th><th>Ero<\/th><th>P<\/th>\n<\/tr>\n\n<tr>\n<td>1<\/td>\n<td>Hanna Lonka<\/td>\n<td>PIF<\/td>\n<td>15:47<\/td>\n<td>0:00<\/td>\n<td>16<\/td>\n<\/tr>\n<tr>\n<td>2<\/td>\n<td>Simo Valtanen<\/td>\n<td>HinnYr<\/td>\n<td>15:53<\/td>\n<td>0:06<\/td>\n<td>14<\/td>\n<\/tr>\n<tr>\n<td>3<\/td>\n<td>Veera Lonka<\/td>\n<td>TuS<\/td>\n<td>15:54<\/td>\n<td>0:07<\/td>\n<td>12<\/td>\n<\/tr>\n<tr>\n<td>4<\/td>\n<td>Timo Koivisto<\/td>\n<td>KoKV<\/td>\n<td>16:21<\/td>\n<td>0:34<\/td>\n<td>11<\/td>\n<\/tr>\n<tr>\n<td>5<\/td>\n<td>Pyry Heinil\u00e4<\/td>\n<td>Rastikarhut<\/td>\n<td>16:35<\/td>\n<td>0:48<\/td>\n<td>10<\/td>\n<\/tr>\n<tr>\n<td>6<\/td>\n<td>Liisi Hentonen<\/td>\n<td>RaLu<\/td>\n<td>16:42<\/td>\n<td>0:55<\/td>\n<td>9<\/td>\n<\/tr>\n<tr>\n<td>7<\/td>\n<td>Jenni Oksa<\/td>\n<td>Rastikarhut<\/td>\n<td>17:03<\/td>\n<td>1:16<\/td>\n<td>8<\/td>\n<\/tr>\n<tr>\n<td>8<\/td>\n<td>Ville-Veikko Nurminen<\/td>\n<td>SuosmSa<\/td>\n<td>17:26<\/td>\n<td>1:39<\/td>\n<td>7<\/td>\n<\/tr>\n<tr>\n<td>9<\/td>\n<td>Vesa J\u00e4rvinen<\/td>\n<td>Eku<\/td>\n<td>17:40<\/td>\n<td>1:53<\/td>\n<td>6<\/td>\n<\/tr>\n<tr>\n<td>10<\/td>\n<td>Perttu Heinil\u00e4<\/td>\n<td>Rastikarhut<\/td>\n<td>18:21<\/td>\n<td>2:34<\/td>\n<td>5<\/td>\n<\/tr>\n<tr>\n<td>11<\/td>\n<td>Pinja Heinil\u00e4<\/td>\n<td>Rastikarhut<\/td>\n<td>18:35<\/td>\n<td>2:48<\/td>\n<td>4<\/td>\n<\/tr>\n<tr>\n<td>12<\/td>\n<td>Jami Kallioniemi<\/td>\n<td>Rasti-Lukko<\/td>\n<td>18:43<\/td>\n<td>2:56<\/td>\n<td>3<\/td>\n<\/tr>\n<tr>\n<td>13<\/td>\n<td>Marika Heinikangas<\/td>\n<td>RaLu<\/td>\n<td>18:56<\/td>\n<td>3:09<\/td>\n<td>2<\/td>\n<\/tr>\n<tr>\n<td>14<\/td>\n<td>Touko Heinil\u00e4<\/td>\n<td>Rastikarhut<\/td>\n<td>19:04<\/td>\n<td>3:17<\/td>\n<td>1<\/td>\n<\/tr>\n<tr>\n<td>15<\/td>\n<td>Arttu Kivioja<\/td>\n<td>Rastikarhut <\/td>\n<td>19:07<\/td>\n<td>3:20<\/td>\n<td>0<\/td>\n<\/tr>\n<tr>\n<td>16<\/td>\n<td>Jukka Keskitalo<\/td>\n<td>PunKu<\/td>\n<td>19:10<\/td>\n<td>3:23<\/td>\n<td>0<\/td>\n<\/tr>\n<tr>\n<td>17<\/td>\n<td>Otto Kivioja<\/td>\n<td>Rastikarhut <\/td>\n<td>19:23<\/td>\n<td>3:36<\/td>\n<td>0<\/td>\n<\/tr>\n<tr>\n<td>18<\/td>\n<td>Reijo Hirvel\u00e4<\/td>\n<td>SuosmSalpa<\/td>\n<td>19:34<\/td>\n<td>3:47<\/td>\n<td>0<\/td>\n<\/tr>\n<tr>\n<td>19<\/td>\n<td>Tiina M\u00e4kel\u00e4<\/td>\n<td>RaTU<\/td>\n<td>19:36<\/td>\n<td>3:49<\/td>\n<td>0<\/td>\n<\/tr>\n<tr>\n<td>20<\/td>\n<td>Pia Luovula<\/td>\n<td>Suosmeren Salpa<\/td>\n<td>19:39<\/td>\n<td>3:52<\/td>\n<td>0<\/td>\n<\/tr>\n<tr>\n<td>21<\/td>\n<td>Veikko Lonka<\/td>\n<td>TuS<\/td>\n<td>19:56<\/td>\n<td>4:09<\/td>\n<td>0<\/td>\n<\/tr>\n<tr>\n<td>22<\/td>\n<td>Sinikka Oksa<\/td>\n<td>Rastikarhut<\/td>\n<td>20:05<\/td>\n<td>4:17<\/td>\n<td>0<\/td>\n<\/tr>\n<tr>\n<td>23<\/td>\n<td>Justus Kallioniemi<\/td>\n<td>Rasti-Lukko<\/td>\n<td>20:13<\/td>\n<td>4:26<\/td>\n<td>0<\/td>\n<\/tr>\n<tr>\n<td>24<\/td>\n<td>Ari Varjonen<\/td>\n<td>RaLu<\/td>\n<td>20:14<\/td>\n<td>4:27<\/td>\n<td>0<\/td>\n<\/tr>\n<tr>\n<td>25<\/td>\n<td>Olavi Nurmo<\/td>\n<td>Punkalaitumen kunto<\/td>\n<td>20:21<\/td>\n<td>4:34<\/td>\n<td>0<\/td>\n<\/tr>\n<tr>\n<td>26<\/td>\n<td>Harri Varjus<\/td>\n<td><\/td>\n<td>20:35<\/td>\n<td>4:47<\/td>\n<td>0<\/td>\n<\/tr>\n<tr>\n<td>27<\/td>\n<td>Pauliina Nurmo<\/td>\n<td>Teekkarisuunnistajat<\/td>\n<td>21:10<\/td>\n<td>5:22<\/td>\n<td>0<\/td>\n<\/tr>\n<tr>\n<td>28<\/td>\n<td>Mika Nurmo<\/td>\n<td>PunKu<\/td>\n<td>21:56<\/td>\n<td>6:09<\/td>\n<td>0<\/td>\n<\/tr>\n<tr>\n<td>29<\/td>\n<td>Katariina Kivioja<\/td>\n<td>Rastikarhut <\/td>\n<td>22:17<\/td>\n<td>6:30<\/td>\n<td>0<\/td>\n<\/tr>\n<tr>\n<td>30<\/td>\n<td>Valtteri Suvala<\/td>\n<td><\/td>\n<td>22:33<\/td>\n<td>6:46<\/td>\n<td>0<\/td>\n<\/tr>\n<tr>\n<td>31<\/td>\n<td>Emil Pertola<\/td>\n<td>Rasti-Lukko<\/td>\n<td>22:39<\/td>\n<td>6:51<\/td>\n<td>0<\/td>\n<\/tr>\n<tr>\n<td>32<\/td>\n<td>Jorma Virtanen<\/td>\n<td>KoKV<\/td>\n<td>22:46<\/td>\n<td>6:59<\/td>\n<td>0<\/td>\n<\/tr>\n<tr>\n<td>33<\/td>\n<td>Eki Lonka<\/td>\n<td>Karttahemmot<\/td>\n<td>23:06<\/td>\n<td>7:19<\/td>\n<td>0<\/td>\n<\/tr>\n<tr>\n<td>34<\/td>\n<td>Ralf Eklund<\/td>\n<td>RaLu<\/td>\n<td>23:10<\/td>\n<td>7:23<\/td>\n<td>0<\/td>\n<\/tr>\n<tr>\n<td>35<\/td>\n<td>Markku Nurminen<\/td>\n<td>SuosmSa<\/td>\n<td>23:27<\/td>\n<td>7:40<\/td>\n<td>0<\/td>\n<\/tr>\n<tr>\n<td>36<\/td>\n<td>Vesa-Ville V\u00e4\u00e4n\u00e4nen<\/td>\n<td>Oulun Tarmo<\/td>\n<td>23:49<\/td>\n<td>8:01<\/td>\n<td>0<\/td>\n<\/tr>\n<tr>\n<td>37<\/td>\n<td>Riikka Tuuppa<\/td>\n<td>EKU<\/td>\n<td>24:06<\/td>\n<td>8:19<\/td>\n<td>0<\/td>\n<\/tr>\n<tr>\n<td>38<\/td>\n<td>Akseli Alanen<\/td>\n<td>Lauttakyl\u00e4n luja<\/td>\n<td>24:49<\/td>\n<td>9:02<\/td>\n<td>0<\/td>\n<\/tr>\n<tr>\n<td>39<\/td>\n<td>Juhani Valtanen<\/td>\n<td><\/td>\n<td>25:43<\/td>\n<td>9:56<\/td>\n<td>0<\/td>\n<\/tr>\n<tr>\n<td>40<\/td>\n<td>Ilmo Jaakkola<\/td>\n<td>Ralu<\/td>\n<td>25:57<\/td>\n<td>10:09<\/td>\n<td>0<\/td>\n<\/tr>\n<tr>\n<td>41<\/td>\n<td>Suvi Tuhkanen<\/td>\n<td>Ulvilan Ura<\/td>\n<td>26:27<\/td>\n<td>10:40<\/td>\n<td>0<\/td>\n<\/tr>\n<tr>\n<td>42<\/td>\n<td>Petri J\u00e4rvinen<\/td>\n<td>Eku<\/td>\n<td>26:37<\/td>\n<td>10:50<\/td>\n<td>0<\/td>\n<\/tr>\n<tr>\n<td>43<\/td>\n<td>Ilkka Korventausta<\/td>\n<td><\/td>\n<td>28:30<\/td>\n<td>12:43<\/td>\n<td>0<\/td>\n<\/tr>\n<tr>\n<td>44<\/td>\n<td>Lenni Niemi<\/td>\n<td>Rastikarhut<\/td>\n<td>29:34<\/td>\n<td>13:46<\/td>\n<td>0<\/td>\n<\/tr>\n<tr>\n<td>45<\/td>\n<td>Elisabeth Koskialho<\/td>\n<td>EuVe<\/td>\n<td>29:53<\/td>\n<td>14:05<\/td>\n<td>0<\/td>\n<\/tr>\n<tr>\n<td>46<\/td>\n<td>Lotta Koivula<\/td>\n<td>UlvUra<\/td>\n<td>30:10<\/td>\n<td>14:22<\/td>\n<td>0<\/td>\n<\/tr>\n<tr>\n<td>47<\/td>\n<td>Oskar Given<\/td>\n<td>RaLu<\/td>\n<td>33:00<\/td>\n<td>17:13<\/td>\n<td>0<\/td>\n<\/tr>\n<tr>\n<td>48<\/td>\n<td>Elise Soe<\/td>\n<td>ValSu<\/td>\n<td>33:30<\/td>\n<td>17:43<\/td>\n<td>0<\/td>\n<\/tr>\n<tr>\n<td>49<\/td>\n<td>Tuomas Set\u00e4l\u00e4<\/td>\n<td>Kk-v<\/td>\n<td>35:14<\/td>\n<td>19:26<\/td>\n<td>0<\/td>\n<\/tr>\n<tr>\n<td>50<\/td>\n<td>Erik Soe<\/td>\n<td>ValSu<\/td>\n<td>35:14<\/td>\n<td>19:27<\/td>\n<td>0<\/td>\n<\/tr>\n<tr>\n<td>51<\/td>\n<td>Jouko Koskialho<\/td>\n<td>EuVe<\/td>\n<td>38:54<\/td>\n<td>23:07<\/td>\n<td>0<\/td>\n<\/tr>\n<tr>\n<td>52<\/td>\n<td>Raul Soe<\/td>\n<td>ValSu<\/td>\n<td>47:17<\/td>\n<td>31:30<\/td>\n<td>0<\/td>\n<\/tr>\n<tr>\n<td>53<\/td>\n<td>Oskari Keskitalo<\/td>\n<td>Lluja<\/td>\n<td>50:16<\/td>\n<td>34:29<\/td>\n<td>0<\/td>\n<\/tr>\n<tr>\n<td>54<\/td>\n<td>Jamie Given<\/td>\n<td>RaLu<\/td>\n<td>50:50<\/td>\n<td>35:03<\/td>\n<td>0<\/td>\n<\/tr>\n<tr>\n<td>55<\/td>\n<td>Riina Keskitalo<\/td>\n<td>Lauttakyl\u00e4n Luja<\/td>\n<td>50:51<\/td>\n<td>35:04<\/td>\n<td>0<\/td>\n<\/tr>\n<\/table>\n\n\n<\/div>\n\t\t\t\t\t\t<\/div>\n\t\t\t\t<\/div>\n\t\t\t\t\t<\/div>\n\t\t\t\t<\/div>\n\t\t\t\t<\/div>\n\t\t","protected":false},"excerpt":{"rendered":"","protected":false},"author":1,"featured_media":0,"parent":0,"menu_order":0,"comment_status":"closed","ping_status":"closed","template":"","meta":{"site-sidebar-layout":"no-sidebar","site-content-layout":"page-builder","ast-site-content-layout":"full-width-container","site-content-style":"default","site-sidebar-style":"default","ast-global-header-display":"","ast-banner-title-visibility":"","ast-main-header-display":"","ast-hfb-above-header-display":"","ast-hfb-below-header-display":"","ast-hfb-mobile-header-display":"","site-post-title":"","ast-breadcrumbs-content":"","ast-featured-img":"disabled","footer-sml-layout":"","ast-disable-related-posts":"","theme-transparent-header-meta":"","adv-header-id-meta":"","stick-header-meta":"","header-above-stick-meta":"","header-main-stick-meta":"","header-below-stick-meta":"","astra-migrate-meta-layouts":"set","ast-page-background-enabled":"default","ast-page-background-meta":{"desktop":{"background-color":"var(--ast-global-color-4)","background-image":"","background-repeat":"repeat","background-position":"center center","background-size":"auto","background-attachment":"scroll","background-type":"","background-media":"","overlay-type":"","overlay-color":"","overlay-opacity":"","overlay-gradient":""},"tablet":{"background-color":"","background-image":"","background-repeat":"repeat","background-position":"center center","background-size":"auto","background-attachment":"scroll","background-type":"","background-media":"","overlay-type":"","overlay-color":"","overlay-opacity":"","overlay-gradient":""},"mobile":{"background-color":"","background-image":"","background-repeat":"repeat","background-position":"center center","background-size":"auto","background-attachment":"scroll","background-type":"","background-media":"","overlay-type":"","overlay-color":"","overlay-opacity":"","overlay-gradient":""}},"ast-content-background-meta":{"desktop":{"background-color":"var(--ast-global-color-5)","background-image":"","background-repeat":"repeat","background-position":"center center","background-size":"auto","background-attachment":"scroll","background-type":"","background-media":"","overlay-type":"","overlay-color":"","overlay-opacity":"","overlay-gradient":""},"tablet":{"background-color":"var(--ast-global-color-5)","background-image":"","background-repeat":"repeat","background-position":"center center","background-size":"auto","background-attachment":"scroll","background-type":"","background-media":"","overlay-type":"","overlay-color":"","overlay-opacity":"","overlay-gradient":""},"mobile":{"background-color":"var(--ast-global-color-5)","background-image":"","background-repeat":"repeat","background-position":"center center","background-size":"auto","background-attachment":"scroll","background-type":"","background-media":"","overlay-type":"","overlay-color":"","overlay-opacity":"","overlay-gradient":""}},"footnotes":""},"class_list":["post-2390","page","type-page","status-publish","hentry"],"_links":{"self":[{"href":"https:\/\/www.satakunnansuunnistus.fi\/uusi\/wp-json\/wp\/v2\/pages\/2390","targetHints":{"allow":["GET"]}}],"collection":[{"href":"https:\/\/www.satakunnansuunnistus.fi\/uusi\/wp-json\/wp\/v2\/pages"}],"about":[{"href":"https:\/\/www.satakunnansuunnistus.fi\/uusi\/wp-json\/wp\/v2\/types\/page"}],"author":[{"embeddable":true,"href":"https:\/\/www.satakunnansuunnistus.fi\/uusi\/wp-json\/wp\/v2\/users\/1"}],"replies":[{"embeddable":true,"href":"https:\/\/www.satakunnansuunnistus.fi\/uusi\/wp-json\/wp\/v2\/comments?post=2390"}],"version-history":[{"count":7,"href":"https:\/\/www.satakunnansuunnistus.fi\/uusi\/wp-json\/wp\/v2\/pages\/2390\/revisions"}],"predecessor-version":[{"id":2446,"href":"https:\/\/www.satakunnansuunnistus.fi\/uusi\/wp-json\/wp\/v2\/pages\/2390\/revisions\/2446"}],"wp:attachment":[{"href":"https:\/\/www.satakunnansuunnistus.fi\/uusi\/wp-json\/wp\/v2\/media?parent=2390"}],"curies":[{"name":"wp","href":"https:\/\/api.w.org\/{rel}","templated":true}]}}