{"id":2105,"date":"2026-01-02T13:56:46","date_gmt":"2026-01-02T13:56:46","guid":{"rendered":"https:\/\/www.satakunnansuunnistus.fi\/uusi\/?page_id=2105"},"modified":"2026-01-02T14:02:07","modified_gmt":"2026-01-02T14:02:07","slug":"wsc-yleiset-ohjeet","status":"publish","type":"page","link":"https:\/\/www.satakunnansuunnistus.fi\/uusi\/wsc-yleiset-ohjeet\/","title":{"rendered":"WSC &#8211; Yleiset ohjeet"},"content":{"rendered":"\t\t<div data-elementor-type=\"wp-page\" data-elementor-id=\"2105\" class=\"elementor elementor-2105\">\n\t\t\t\t<div class=\"elementor-element elementor-element-d56d3db e-flex e-con-boxed e-con e-parent\" data-id=\"d56d3db\" data-element_type=\"container\" data-e-type=\"container\">\n\t\t\t\t\t<div class=\"e-con-inner\">\n\t\t\t\t<div class=\"elementor-element elementor-element-5069c5e elementor-widget elementor-widget-heading\" data-id=\"5069c5e\" data-element_type=\"widget\" data-e-type=\"widget\" data-widget_type=\"heading.default\">\n\t\t\t\t<div class=\"elementor-widget-container\">\n\t\t\t\t\t<h2 class=\"elementor-heading-title elementor-size-default\">WSC - Yleiset ohjeet<\/h2>\t\t\t\t<\/div>\n\t\t\t\t<\/div>\n\t\t\t\t\t<\/div>\n\t\t\t\t<\/div>\n\t\t<div class=\"elementor-element elementor-element-e372634 e-flex e-con-boxed e-con e-parent\" data-id=\"e372634\" data-element_type=\"container\" data-e-type=\"container\">\n\t\t\t\t\t<div class=\"e-con-inner\">\n\t\t\t\t<div class=\"elementor-element elementor-element-0ce214c elementor-widget elementor-widget-text-editor\" data-id=\"0ce214c\" data-element_type=\"widget\" data-e-type=\"widget\" data-widget_type=\"text-editor.default\">\n\t\t\t\t<div class=\"elementor-widget-container\">\n\t\t\t\t\t\t\t\t\t<p>WSC:n tarkoituksena on tarjota lumiseen aikaan talvikaudella sprinttisuunnistusharjoituksia kyliss\u00e4 ja kaupungeissa.<\/p>\t\t\t\t\t\t\t\t<\/div>\n\t\t\t\t<\/div>\n\t\t\t\t\t<\/div>\n\t\t\t\t<\/div>\n\t\t<div class=\"elementor-element elementor-element-f7daa05 e-flex e-con-boxed e-con e-parent\" data-id=\"f7daa05\" data-element_type=\"container\" data-e-type=\"container\">\n\t\t\t\t\t<div class=\"e-con-inner\">\n\t\t\t\t<div class=\"elementor-element elementor-element-45a1937 elementor-widget elementor-widget-text-editor\" data-id=\"45a1937\" data-element_type=\"widget\" data-e-type=\"widget\" data-widget_type=\"text-editor.default\">\n\t\t\t\t<div class=\"elementor-widget-container\">\n\t\t\t\t\t\t\t\t\t<p><strong>Maksut<\/strong><\/p><ul><li>Ennakkoilmoittautuminen internetiss\u00e4 kaksi (2) p\u00e4iv\u00e4\u00e4 ennen\u00a0\u00a0<strong>7 \u20ac<\/strong><\/li><li>Alle 21-vuotiaat suunnistavat\u00a0<strong>ilmaiseksi<\/strong>.<\/li><li>Paikanp\u00e4\u00e4ll\u00e4 ilmoittautuminen maksaa\u00a0<strong>2 \u20ac enemm\u00e4n<\/strong><\/li><\/ul><p>Maksaminen tapahtuu tapahtuman kilpailukeskuksessa k\u00e4teisell\u00e4. Varaathan mukaan mieluusti tasarahan\u00a0<img decoding=\"async\" class=\"emoji\" role=\"img\" draggable=\"false\" src=\"https:\/\/s.w.org\/images\/core\/emoji\/17.0.2\/svg\/1f642.svg\" alt=\"\ud83d\ude42\" \/>\u00a0<\/p><p><strong>Ilmoittautuminen<\/strong><\/p><p>Ilmoittautuminen osakilpailuun onnistuu tapahtuman omalla sivulla sijaitsevan ilmoittautumislomakkeen avulla.<br \/>Ennakkoon ilmoittautuminen tulee suorittaa viimeist\u00e4\u00e4n perjantaihin 23.59 menness\u00e4.<\/p><p>Ilmoittatuminen onnistuu my\u00f6s paikanp\u00e4\u00e4ll\u00e4 hintaan 9 \u20ac, mutta kartan voi varmistaa vain ilmoittautumalla etuk\u00e4teen!<\/p><p><strong>Sarjat ja radat<\/strong><\/p><p>Osakilpailussa on vain yksi rata, jonka kaikki osallistujat kiert\u00e4v\u00e4t.<\/p><p>Radat ovat noin 2,5 \u2013 3 km mittaisia.<\/p><p><strong>Kartat ja maastot<br \/><\/strong><\/p><p>Kartat ovat alueen huippusuunnistajien tekemi\u00e4 sprinttikarttoja (mittakaava 1:4000).<br \/>Maastot ovat p\u00e4\u00e4osin taajama-alueita, joten lumi ei haittaa tapahtumien pit\u00e4mist\u00e4.<\/p><p>Kilpailukartat eiv\u00e4t ole karttamuovissa, joten osallistujan kannattaa ottaa oma karttamuovi (A4) mukaan!<br \/>Karttoja tulostetaan ennakkoilmoittautumisten mukaan.<\/p><p><strong>Tulokset<\/strong><\/p><p>Online-tulokset l\u00f6ytyv\u00e4t kisan aikana WSC-sivuilta. Lopulliset tulokset julkaistaan osakilpailun j\u00e4lkeen Satakunnan Suunnistuksen internetsivuilla cup-pisteineen.<\/p><p><strong>Palkinnot<\/strong><\/p><p><a href=\"https:\/\/www.satakunnansuunnistus.fi\/wsc\/?page_id=242\">Majesteetti-palkinto<\/a>\u00a0on kiertopalkinto, jonka saa vuodeksi omaksi Winter Sprint Cupin voittaja, palkinnon kylkeen kaiverretaan vuosittain voittajan nimi.<br \/>Cupissa otetaan huomioon 4 parasta sijoitusta ja pistelasku on samankaltainen kuin Oravacupissa, voittaja saa 16 pistett\u00e4, toinen 14 pistett\u00e4 ja kolmas 12 pistett\u00e4, nelj\u00e4s 11 pistett\u00e4 jne.<\/p><p><strong>\u00a0Kielletyt kohteet<\/strong><\/p><p><strong><img fetchpriority=\"high\" decoding=\"async\" class=\"alignnone  wp-image-4181\" src=\"https:\/\/www.satakunnansuunnistus.fi\/wp-content\/uploads\/2023\/01\/kielletyt-kohteet.jpg\" sizes=\"(max-width: 329px) 100vw, 329px\" srcset=\"https:\/\/www.satakunnansuunnistus.fi\/wp-content\/uploads\/2023\/01\/kielletyt-kohteet.jpg 569w, https:\/\/www.satakunnansuunnistus.fi\/wp-content\/uploads\/2023\/01\/kielletyt-kohteet-245x300.jpg 245w\" alt=\"\" width=\"329\" height=\"403\" \/><\/strong><\/p>\t\t\t\t\t\t\t\t<\/div>\n\t\t\t\t<\/div>\n\t\t\t\t\t<\/div>\n\t\t\t\t<\/div>\n\t\t\t\t<\/div>\n\t\t","protected":false},"excerpt":{"rendered":"<p>WSC &#8211; Yleiset ohjeet WSC:n tarkoituksena on tarjota lumiseen aikaan talvikaudella sprinttisuunnistusharjoituksia kyliss\u00e4 ja kaupungeissa. Maksut Ennakkoilmoittautuminen internetiss\u00e4 kaksi (2) p\u00e4iv\u00e4\u00e4 ennen\u00a0\u00a07 \u20ac Alle 21-vuotiaat suunnistavat\u00a0ilmaiseksi. Paikanp\u00e4\u00e4ll\u00e4 ilmoittautuminen maksaa\u00a02 \u20ac enemm\u00e4n Maksaminen tapahtuu tapahtuman kilpailukeskuksessa k\u00e4teisell\u00e4. Varaathan mukaan mieluusti tasarahan\u00a0\u00a0 Ilmoittautuminen Ilmoittautuminen osakilpailuun onnistuu tapahtuman omalla sivulla sijaitsevan ilmoittautumislomakkeen avulla.Ennakkoon ilmoittautuminen tulee suorittaa viimeist\u00e4\u00e4n perjantaihin [&hellip;]<\/p>\n","protected":false},"author":1,"featured_media":0,"parent":0,"menu_order":0,"comment_status":"closed","ping_status":"closed","template":"","meta":{"site-sidebar-layout":"no-sidebar","site-content-layout":"page-builder","ast-site-content-layout":"full-width-container","site-content-style":"default","site-sidebar-style":"default","ast-global-header-display":"","ast-banner-title-visibility":"","ast-main-header-display":"","ast-hfb-above-header-display":"","ast-hfb-below-header-display":"","ast-hfb-mobile-header-display":"","site-post-title":"disabled","ast-breadcrumbs-content":"","ast-featured-img":"disabled","footer-sml-layout":"","ast-disable-related-posts":"","theme-transparent-header-meta":"","adv-header-id-meta":"","stick-header-meta":"","header-above-stick-meta":"","header-main-stick-meta":"","header-below-stick-meta":"","astra-migrate-meta-layouts":"set","ast-page-background-enabled":"default","ast-page-background-meta":{"desktop":{"background-color":"var(--ast-global-color-4)","background-image":"","background-repeat":"repeat","background-position":"center center","background-size":"auto","background-attachment":"scroll","background-type":"","background-media":"","overlay-type":"","overlay-color":"","overlay-opacity":"","overlay-gradient":""},"tablet":{"background-color":"","background-image":"","background-repeat":"repeat","background-position":"center center","background-size":"auto","background-attachment":"scroll","background-type":"","background-media":"","overlay-type":"","overlay-color":"","overlay-opacity":"","overlay-gradient":""},"mobile":{"background-color":"","background-image":"","background-repeat":"repeat","background-position":"center center","background-size":"auto","background-attachment":"scroll","background-type":"","background-media":"","overlay-type":"","overlay-color":"","overlay-opacity":"","overlay-gradient":""}},"ast-content-background-meta":{"desktop":{"background-color":"var(--ast-global-color-5)","background-image":"","background-repeat":"repeat","background-position":"center center","background-size":"auto","background-attachment":"scroll","background-type":"","background-media":"","overlay-type":"","overlay-color":"","overlay-opacity":"","overlay-gradient":""},"tablet":{"background-color":"var(--ast-global-color-5)","background-image":"","background-repeat":"repeat","background-position":"center center","background-size":"auto","background-attachment":"scroll","background-type":"","background-media":"","overlay-type":"","overlay-color":"","overlay-opacity":"","overlay-gradient":""},"mobile":{"background-color":"var(--ast-global-color-5)","background-image":"","background-repeat":"repeat","background-position":"center center","background-size":"auto","background-attachment":"scroll","background-type":"","background-media":"","overlay-type":"","overlay-color":"","overlay-opacity":"","overlay-gradient":""}},"footnotes":""},"class_list":["post-2105","page","type-page","status-publish","hentry"],"_links":{"self":[{"href":"https:\/\/www.satakunnansuunnistus.fi\/uusi\/wp-json\/wp\/v2\/pages\/2105","targetHints":{"allow":["GET"]}}],"collection":[{"href":"https:\/\/www.satakunnansuunnistus.fi\/uusi\/wp-json\/wp\/v2\/pages"}],"about":[{"href":"https:\/\/www.satakunnansuunnistus.fi\/uusi\/wp-json\/wp\/v2\/types\/page"}],"author":[{"embeddable":true,"href":"https:\/\/www.satakunnansuunnistus.fi\/uusi\/wp-json\/wp\/v2\/users\/1"}],"replies":[{"embeddable":true,"href":"https:\/\/www.satakunnansuunnistus.fi\/uusi\/wp-json\/wp\/v2\/comments?post=2105"}],"version-history":[{"count":4,"href":"https:\/\/www.satakunnansuunnistus.fi\/uusi\/wp-json\/wp\/v2\/pages\/2105\/revisions"}],"predecessor-version":[{"id":2110,"href":"https:\/\/www.satakunnansuunnistus.fi\/uusi\/wp-json\/wp\/v2\/pages\/2105\/revisions\/2110"}],"wp:attachment":[{"href":"https:\/\/www.satakunnansuunnistus.fi\/uusi\/wp-json\/wp\/v2\/media?parent=2105"}],"curies":[{"name":"wp","href":"https:\/\/api.w.org\/{rel}","templated":true}]}}