{"id":1902,"date":"2025-12-06T18:39:35","date_gmt":"2025-12-06T18:39:35","guid":{"rendered":"https:\/\/www.satakunnansuunnistus.fi\/uusi\/?page_id=1902"},"modified":"2026-01-02T13:54:12","modified_gmt":"2026-01-02T13:54:12","slug":"q-cup","status":"publish","type":"page","link":"https:\/\/www.satakunnansuunnistus.fi\/uusi\/q-cup\/","title":{"rendered":"Q-cup"},"content":{"rendered":"\t\t<div data-elementor-type=\"wp-page\" data-elementor-id=\"1902\" class=\"elementor elementor-1902\">\n\t\t\t\t<div class=\"elementor-element elementor-element-ba3bd3b e-flex e-con-boxed e-con e-parent\" data-id=\"ba3bd3b\" data-element_type=\"container\" data-e-type=\"container\">\n\t\t\t\t\t<div class=\"e-con-inner\">\n\t\t\t\t<div class=\"elementor-element elementor-element-4975b81 elementor-widget elementor-widget-heading\" data-id=\"4975b81\" data-element_type=\"widget\" data-e-type=\"widget\" data-widget_type=\"heading.default\">\n\t\t\t\t<div class=\"elementor-widget-container\">\n\t\t\t\t\t<h2 class=\"elementor-heading-title elementor-size-default\">Q-cup 2025<\/h2>\t\t\t\t<\/div>\n\t\t\t\t<\/div>\n\t\t\t\t\t<\/div>\n\t\t\t\t<\/div>\n\t\t<div class=\"elementor-element elementor-element-bd72e0f e-flex e-con-boxed e-con e-parent\" data-id=\"bd72e0f\" data-element_type=\"container\" data-e-type=\"container\">\n\t\t\t\t\t<div class=\"e-con-inner\">\n\t\t\t\t<div class=\"elementor-element elementor-element-9432926 elementor-widget elementor-widget-text-editor\" data-id=\"9432926\" data-element_type=\"widget\" data-e-type=\"widget\" data-widget_type=\"text-editor.default\">\n\t\t\t\t<div class=\"elementor-widget-container\">\n\t\t\t\t\t\t\t\t\t<p>Saatakunnassa tiet\u00e4\u00e4, ett\u00e4 syksy on alkanut, kun p\u00e4iv\u00e4t pimenev\u00e4t ja alkaa y\u00f6suunnistussarja Q-cup.<\/p><p>Q-cupissa p\u00e4\u00e4see y\u00f6suunnistamaan syys-lokakuun vaihteesta joulukuuhun asti.<\/p><p>Q-cupin osakilpailuissa on k\u00e4yt\u00f6ss\u00e4 samana vuonna p\u00e4ivitetty kartta ja ONLINE-tulokset. Tapahtumat ovat yleens\u00e4 yhteisl\u00e4hd\u00f6ll\u00e4.<\/p><p>Q-cup -suorituksista lasketaan pisteit\u00e4, jotka perustuvat sarjan voittajan aikaan ja vuonna 2026 viidest\u00e4 seitsem\u00e4\u00e4n parasta suoritusta huomioidaan kultakin suunnistajalta, riippuen tapahtumien m\u00e4\u00e4r\u00e4st\u00e4.<\/p>\t\t\t\t\t\t\t\t<\/div>\n\t\t\t\t<\/div>\n\t\t\t\t\t<\/div>\n\t\t\t\t<\/div>\n\t\t<div class=\"elementor-element elementor-element-6c8e13d e-grid e-con-full e-con e-parent\" data-id=\"6c8e13d\" data-element_type=\"container\" data-e-type=\"container\">\n\t\t\t\t<div class=\"elementor-element elementor-element-a891107 elementor-align-center elementor-widget elementor-widget-button\" data-id=\"a891107\" data-element_type=\"widget\" data-e-type=\"widget\" data-widget_type=\"button.default\">\n\t\t\t\t<div class=\"elementor-widget-container\">\n\t\t\t\t\t\t\t\t\t<div class=\"elementor-button-wrapper\">\n\t\t\t\t\t<a class=\"elementor-button elementor-button-link elementor-size-sm\" href=\"https:\/\/www.satakunnansuunnistus.fi\/uusi\/q-cup-yleiset-ohjeet\/\">\n\t\t\t\t\t\t<span class=\"elementor-button-content-wrapper\">\n\t\t\t\t\t\t\t\t\t<span class=\"elementor-button-text\">Q-cup -s\u00e4\u00e4nn\u00f6t<\/span>\n\t\t\t\t\t<\/span>\n\t\t\t\t\t<\/a>\n\t\t\t\t<\/div>\n\t\t\t\t\t\t\t\t<\/div>\n\t\t\t\t<\/div>\n\t\t\t\t<div class=\"elementor-element elementor-element-88a378e elementor-align-center elementor-widget elementor-widget-button\" data-id=\"88a378e\" data-element_type=\"widget\" data-e-type=\"widget\" data-widget_type=\"button.default\">\n\t\t\t\t<div class=\"elementor-widget-container\">\n\t\t\t\t\t\t\t\t\t<div class=\"elementor-button-wrapper\">\n\t\t\t\t\t<a class=\"elementor-button elementor-button-link elementor-size-sm\" href=\"https:\/\/www.satakunnansuunnistus.fi\/wp-content\/uploads\/2025\/12\/loppupisteet.pdf\">\n\t\t\t\t\t\t<span class=\"elementor-button-content-wrapper\">\n\t\t\t\t\t\t\t\t\t<span class=\"elementor-button-text\">Q-cup -pistetaulukko<\/span>\n\t\t\t\t\t<\/span>\n\t\t\t\t\t<\/a>\n\t\t\t\t<\/div>\n\t\t\t\t\t\t\t\t<\/div>\n\t\t\t\t<\/div>\n\t\t\t\t<\/div>\n\t\t<div class=\"elementor-element elementor-element-5f9522a e-flex e-con-boxed e-con e-parent\" data-id=\"5f9522a\" data-element_type=\"container\" data-e-type=\"container\">\n\t\t\t\t\t<div class=\"e-con-inner\">\n\t\t\t\t<div class=\"elementor-element elementor-element-8f705e7 elementor-widget elementor-widget-heading\" data-id=\"8f705e7\" data-element_type=\"widget\" data-e-type=\"widget\" data-widget_type=\"heading.default\">\n\t\t\t\t<div class=\"elementor-widget-container\">\n\t\t\t\t\t<h3 class=\"elementor-heading-title elementor-size-default\">Q-cup -tapahtumat 2026<\/h3>\t\t\t\t<\/div>\n\t\t\t\t<\/div>\n\t\t\t\t\t<\/div>\n\t\t\t\t<\/div>\n\t\t<div class=\"elementor-element elementor-element-e1e030e e-flex e-con-boxed e-con e-parent\" data-id=\"e1e030e\" data-element_type=\"container\" data-e-type=\"container\">\n\t\t\t\t\t<div class=\"e-con-inner\">\n\t\t\t\t<div class=\"elementor-element elementor-element-5548162 elementor-widget elementor-widget-text-editor\" data-id=\"5548162\" data-element_type=\"widget\" data-e-type=\"widget\" data-widget_type=\"text-editor.default\">\n\t\t\t\t<div class=\"elementor-widget-container\">\n\t\t\t\t\t\t\t\t\t<p><strong>Huomaa muut l\u00e4hialueen y\u00f6tapahtumat:<br \/>AM-y\u00f6 \u2013 Yl\u00e4ne, Kalikka (ke 23.9.2026)<\/strong><\/p><p><strong>SM-y\u00f6\u00a0<\/strong><span style=\"font-weight: bold; font-size: 1rem;\">\u2013 Yl\u00e4ne, Hovilanm\u00e4ki (pe-la 2-3.10.2026)<\/span><strong style=\"font-style: inherit;\">\u00a0<\/strong><\/p><hr \/><p>\u00a0<\/p><p>Haku Q-cup -tapahtumiin vuodelle 2026 avataan 1.3.2026 ja se p\u00e4\u00e4ttyy 1.9.2026.<\/p><p>Tapahtumiin haetaan laittamalla viesti\u00e4 Kimmo Mieskoskelle, 045-676 6891.<\/p><p>\u00a0<\/p><p><strong>Osakilpailu 1 \u2013 ?? (ti 15.9.2026)<\/strong><\/p><p><strong>Osakilpailu 2 \u2013 ?? (ti 29.9.2026)<\/strong><\/p><p><strong>Osakilpailu 3 \u2013 ?? (ti 6.10.2026)<\/strong><\/p><p><strong>Osakilpailu 4 \u2013 ?? (ti 13.10.2026)<\/strong><\/p><p><strong>Osakilpailu 5 \u2013 ?? (ti 20.10.2026)<\/strong><\/p><p><strong>Osakilpailu 6 \u2013 ?? (ti 27.10.2026)<\/strong><\/p><p><strong>Osakilpailu 7 \u2013 ?? (ti 3.11.2026)<\/strong><\/p><p><strong>Osakilpailu 8 \u2013 ?? (pe 13.11.2026)<\/strong><\/p><p><strong>Osakilpailu 9 \u2013 ?? (pe 20.11.2026)<\/strong><\/p><p><strong>Osakilpailu 10 \u2013 ?? (pe 27.11.2026)<\/strong><\/p><p><strong>Osakilpailu 11 \u2013 ?? (pe 4.12.2026)<\/strong><\/p><p><strong>Osakilpailu 12 \u2013 ?? (pe 11.12.2026)<\/strong><\/p>\t\t\t\t\t\t\t\t<\/div>\n\t\t\t\t<\/div>\n\t\t\t\t\t<\/div>\n\t\t\t\t<\/div>\n\t\t<div class=\"elementor-element elementor-element-0e7cfc5 e-flex e-con-boxed e-con e-parent\" data-id=\"0e7cfc5\" data-element_type=\"container\" data-e-type=\"container\">\n\t\t\t\t\t<div class=\"e-con-inner\">\n\t\t\t\t<div class=\"elementor-element elementor-element-d777e11 elementor-widget elementor-widget-heading\" data-id=\"d777e11\" data-element_type=\"widget\" data-e-type=\"widget\" data-widget_type=\"heading.default\">\n\t\t\t\t<div class=\"elementor-widget-container\">\n\t\t\t\t\t<h3 class=\"elementor-heading-title elementor-size-default\">Q-cup -tapahtumat 2025<\/h3>\t\t\t\t<\/div>\n\t\t\t\t<\/div>\n\t\t\t\t\t<\/div>\n\t\t\t\t<\/div>\n\t\t<div class=\"elementor-element elementor-element-cbfdbd9 e-flex e-con-boxed e-con e-parent\" data-id=\"cbfdbd9\" data-element_type=\"container\" data-e-type=\"container\">\n\t\t\t\t\t<div class=\"e-con-inner\">\n\t\t\t\t<div class=\"elementor-element elementor-element-04cd499 elementor-widget elementor-widget-text-editor\" data-id=\"04cd499\" data-element_type=\"widget\" data-e-type=\"widget\" data-widget_type=\"text-editor.default\">\n\t\t\t\t<div class=\"elementor-widget-container\">\n\t\t\t\t\t\t\t\t\t<p><strong>Osakilpailu 1 \u2013 Huittinen, Harju (26.9.2025)<\/strong><\/p><p><a href=\"https:\/\/navisport.com\/events\/7ce0c5a2-c4c2-44f4-b4bd-4986253759b3\">Tulokset ja v\u00e4liajat<\/a>\u00a0 \u00a0 \u00a0\u00a0<a href=\"https:\/\/www.satakunnansuunnistus.fi\/wp-content\/uploads\/2025\/10\/Tulokset1huittinen.pdf\">Cup-Tulokset<\/a>\u00a0 \u00a0 \u00a0<a href=\"https:\/\/www.livelox.com\/Events\/Show\/169374\/Q-cup-1-2025\">Livelox<\/a><\/p><p><strong>Osakilpailu 2 \u2013 Eurajoki, Koivuniemi (17.10.2025)<\/strong><\/p><p><a href=\"https:\/\/www.eurajoenveikot.fi\/@Bin\/665239\/t20251017.html\">Tulokset<\/a>\u00a0 \u00a0 \u00a0<a href=\"https:\/\/www.eurajoenveikot.fi\/@Bin\/665242\/v20251017.html\">V\u00e4liajat<\/a>\u00a0 \u00a0 \u00a0\u00a0<a href=\"https:\/\/www.satakunnansuunnistus.fi\/wp-content\/uploads\/2025\/10\/Tulokset2eurajoki.pdf\">Cup-Tulokset<\/a>\u00a0 \u00a0 \u00a0<a href=\"https:\/\/www.livelox.com\/Events\/Show\/171581\/Q-Cup-17-10-2025\">Livelox<\/a><\/p><p><strong>Osakilpailu 3 \u2013 Ulvila, Kettumets\u00e4 (24.10.2025)<\/strong><\/p><p><a href=\"http:\/\/www.ulvilanura.fi\/suunnistus\/kilpa_dokkarit\/QCUP20251024tul.htm\">Tulokset<\/a>\u00a0 \u00a0 \u00a0<a href=\"http:\/\/www.ulvilanura.fi\/suunnistus\/kilpa_dokkarit\/QCUP20251024va.htm\">V\u00e4liajat<\/a>\u00a0 \u00a0 \u00a0\u00a0<a href=\"https:\/\/www.satakunnansuunnistus.fi\/wp-content\/uploads\/2025\/10\/Tulokset3ulvila.pdf\">Cup-Tulokset<\/a>\u00a0 \u00a0 \u00a0<a href=\"https:\/\/www.livelox.com\/Events\/Show\/172161\/QCup-3-2025-Satakunta\">Livelox<\/a><\/p><p><strong>Osakilpailu 4 \u2013 Rauma, Talvialho (14.11.2025)<\/strong><\/p><p><a href=\"https:\/\/www.rastilukko.fi\/@Bin\/991491\/t20251114.html\">Tulokset<\/a>\u00a0 \u00a0 \u00a0<a href=\"https:\/\/www.rastilukko.fi\/@Bin\/991502\/v20251114.html\">V\u00e4liajat<\/a>\u00a0 \u00a0 \u00a0\u00a0<a href=\"https:\/\/www.satakunnansuunnistus.fi\/wp-content\/uploads\/2025\/11\/Tulokset4rauma.pdf\">Cup-Tulokset<\/a>\u00a0 \u00a0 \u00a0<a href=\"https:\/\/www.livelox.com\/Events\/Show\/172065\/Q-cup-4-Lapin-urheilukentta\">Livelox<\/a><\/p><p><strong>Osakilpailu 5 \u2013 Ulvila, Suosmeri (21.11.2025)<\/strong><\/p><p><a href=\"https:\/\/www.torstairastit.org\/qcup20251121\/yhteistulokset.html\">Tulokset<\/a>\u00a0 \u00a0 \u00a0<a href=\"https:\/\/www.torstairastit.org\/qcup20251121\/valiajat-radoittain.html\">V\u00e4liajat<\/a>\u00a0 \u00a0 \u00a0\u00a0<a href=\"https:\/\/www.satakunnansuunnistus.fi\/wp-content\/uploads\/2025\/11\/Tulokset5suosmeri.pdf\">Cup-Tulokset<\/a>\u00a0 \u00a0 \u00a0Livelox<\/p><p><strong>Osakilpailu 6 \u2013 Pori, Isom\u00e4ki (27.11.2025)<\/strong><\/p><p><a href=\"https:\/\/www.rastikarhut.fi\/SuunnistusBlog\/kisa.php?ratafile=ei&amp;kausi=2025&amp;tapahtuma=Q-cup&amp;nro=1&amp;kisa=Q-cupqK1\/Q-cupqK1\">Tulokset ja v\u00e4liajat<\/a>\u00a0 \u00a0 \u00a0\u00a0<a href=\"https:\/\/www.satakunnansuunnistus.fi\/wp-content\/uploads\/2025\/12\/Tulokset6pori.pdf\">Cup-Tulokset<\/a>\u00a0 \u00a0 \u00a0<a href=\"https:\/\/www.livelox.com\/Events\/Show\/174648\/Q-cup-Porin-metsa\">Livelox<\/a><\/p>\t\t\t\t\t\t\t\t<\/div>\n\t\t\t\t<\/div>\n\t\t\t\t\t<\/div>\n\t\t\t\t<\/div>\n\t\t<div class=\"elementor-element elementor-element-a4b46ae e-flex e-con-boxed e-con e-parent\" data-id=\"a4b46ae\" data-element_type=\"container\" data-e-type=\"container\">\n\t\t\t\t\t<div class=\"e-con-inner\">\n\t\t\t\t<div class=\"elementor-element elementor-element-47081d6 elementor-widget elementor-widget-heading\" data-id=\"47081d6\" data-element_type=\"widget\" data-e-type=\"widget\" data-widget_type=\"heading.default\">\n\t\t\t\t<div class=\"elementor-widget-container\">\n\t\t\t\t\t<h3 class=\"elementor-heading-title elementor-size-default\">Aikaisemmat Q-cup -tapahtumat<\/h3>\t\t\t\t<\/div>\n\t\t\t\t<\/div>\n\t\t\t\t\t<\/div>\n\t\t\t\t<\/div>\n\t\t<div class=\"elementor-element elementor-element-a7aeb96 e-flex e-con-boxed e-con e-parent\" data-id=\"a7aeb96\" data-element_type=\"container\" data-e-type=\"container\">\n\t\t\t\t\t<div class=\"e-con-inner\">\n\t\t\t\t<div class=\"elementor-element elementor-element-92efa2a elementor-align-center elementor-widget elementor-widget-button\" data-id=\"92efa2a\" data-element_type=\"widget\" data-e-type=\"widget\" data-widget_type=\"button.default\">\n\t\t\t\t<div class=\"elementor-widget-container\">\n\t\t\t\t\t\t\t\t\t<div class=\"elementor-button-wrapper\">\n\t\t\t\t\t<a class=\"elementor-button elementor-button-link elementor-size-sm\" href=\"https:\/\/www.satakunnansuunnistus.fi\/?page_id=2507\">\n\t\t\t\t\t\t<span class=\"elementor-button-content-wrapper\">\n\t\t\t\t\t\t\t\t\t<span class=\"elementor-button-text\">2014-2024<\/span>\n\t\t\t\t\t<\/span>\n\t\t\t\t\t<\/a>\n\t\t\t\t<\/div>\n\t\t\t\t\t\t\t\t<\/div>\n\t\t\t\t<\/div>\n\t\t\t\t\t<\/div>\n\t\t\t\t<\/div>\n\t\t\t\t<\/div>\n\t\t","protected":false},"excerpt":{"rendered":"<p>Q-cup 2025 Saatakunnassa tiet\u00e4\u00e4, ett\u00e4 syksy on alkanut, kun p\u00e4iv\u00e4t pimenev\u00e4t ja alkaa y\u00f6suunnistussarja Q-cup. Q-cupissa p\u00e4\u00e4see y\u00f6suunnistamaan syys-lokakuun vaihteesta joulukuuhun asti. Q-cupin osakilpailuissa on k\u00e4yt\u00f6ss\u00e4 samana vuonna p\u00e4ivitetty kartta ja ONLINE-tulokset. Tapahtumat ovat yleens\u00e4 yhteisl\u00e4hd\u00f6ll\u00e4. Q-cup -suorituksista lasketaan pisteit\u00e4, jotka perustuvat sarjan voittajan aikaan ja vuonna 2026 viidest\u00e4 seitsem\u00e4\u00e4n parasta suoritusta huomioidaan kultakin suunnistajalta, [&hellip;]<\/p>\n","protected":false},"author":1,"featured_media":0,"parent":0,"menu_order":0,"comment_status":"closed","ping_status":"closed","template":"","meta":{"site-sidebar-layout":"no-sidebar","site-content-layout":"page-builder","ast-site-content-layout":"full-width-container","site-content-style":"default","site-sidebar-style":"default","ast-global-header-display":"","ast-banner-title-visibility":"","ast-main-header-display":"","ast-hfb-above-header-display":"","ast-hfb-below-header-display":"","ast-hfb-mobile-header-display":"","site-post-title":"disabled","ast-breadcrumbs-content":"","ast-featured-img":"disabled","footer-sml-layout":"","ast-disable-related-posts":"","theme-transparent-header-meta":"","adv-header-id-meta":"","stick-header-meta":"","header-above-stick-meta":"","header-main-stick-meta":"","header-below-stick-meta":"","astra-migrate-meta-layouts":"set","ast-page-background-enabled":"default","ast-page-background-meta":{"desktop":{"background-color":"var(--ast-global-color-4)","background-image":"","background-repeat":"repeat","background-position":"center center","background-size":"auto","background-attachment":"scroll","background-type":"","background-media":"","overlay-type":"","overlay-color":"","overlay-opacity":"","overlay-gradient":""},"tablet":{"background-color":"","background-image":"","background-repeat":"repeat","background-position":"center center","background-size":"auto","background-attachment":"scroll","background-type":"","background-media":"","overlay-type":"","overlay-color":"","overlay-opacity":"","overlay-gradient":""},"mobile":{"background-color":"","background-image":"","background-repeat":"repeat","background-position":"center center","background-size":"auto","background-attachment":"scroll","background-type":"","background-media":"","overlay-type":"","overlay-color":"","overlay-opacity":"","overlay-gradient":""}},"ast-content-background-meta":{"desktop":{"background-color":"var(--ast-global-color-5)","background-image":"","background-repeat":"repeat","background-position":"center center","background-size":"auto","background-attachment":"scroll","background-type":"","background-media":"","overlay-type":"","overlay-color":"","overlay-opacity":"","overlay-gradient":""},"tablet":{"background-color":"var(--ast-global-color-5)","background-image":"","background-repeat":"repeat","background-position":"center center","background-size":"auto","background-attachment":"scroll","background-type":"","background-media":"","overlay-type":"","overlay-color":"","overlay-opacity":"","overlay-gradient":""},"mobile":{"background-color":"var(--ast-global-color-5)","background-image":"","background-repeat":"repeat","background-position":"center center","background-size":"auto","background-attachment":"scroll","background-type":"","background-media":"","overlay-type":"","overlay-color":"","overlay-opacity":"","overlay-gradient":""}},"footnotes":""},"class_list":["post-1902","page","type-page","status-publish","hentry"],"_links":{"self":[{"href":"https:\/\/www.satakunnansuunnistus.fi\/uusi\/wp-json\/wp\/v2\/pages\/1902","targetHints":{"allow":["GET"]}}],"collection":[{"href":"https:\/\/www.satakunnansuunnistus.fi\/uusi\/wp-json\/wp\/v2\/pages"}],"about":[{"href":"https:\/\/www.satakunnansuunnistus.fi\/uusi\/wp-json\/wp\/v2\/types\/page"}],"author":[{"embeddable":true,"href":"https:\/\/www.satakunnansuunnistus.fi\/uusi\/wp-json\/wp\/v2\/users\/1"}],"replies":[{"embeddable":true,"href":"https:\/\/www.satakunnansuunnistus.fi\/uusi\/wp-json\/wp\/v2\/comments?post=1902"}],"version-history":[{"count":19,"href":"https:\/\/www.satakunnansuunnistus.fi\/uusi\/wp-json\/wp\/v2\/pages\/1902\/revisions"}],"predecessor-version":[{"id":2104,"href":"https:\/\/www.satakunnansuunnistus.fi\/uusi\/wp-json\/wp\/v2\/pages\/1902\/revisions\/2104"}],"wp:attachment":[{"href":"https:\/\/www.satakunnansuunnistus.fi\/uusi\/wp-json\/wp\/v2\/media?parent=1902"}],"curies":[{"name":"wp","href":"https:\/\/api.w.org\/{rel}","templated":true}]}}