{"id":750,"date":"2015-02-09T08:30:25","date_gmt":"2015-02-09T06:30:25","guid":{"rendered":"http:\/\/www.satakunnansuunnistus.fi\/?page_id=750"},"modified":"2015-02-09T08:30:25","modified_gmt":"2015-02-09T06:30:25","slug":"am-kilpailut-2014","status":"publish","type":"page","link":"https:\/\/www.satakunnansuunnistus.fi\/?page_id=750","title":{"rendered":"AM-kilpailut 2014"},"content":{"rendered":"<table border=\"1\" width=\"360\" cellspacing=\"0\" cellpadding=\"0\">\n<tbody>\n<tr>\n<td>Laji<\/td>\n<td>P\u00e4iv\u00e4<\/td>\n<td>J\u00e4rjest\u00e4j\u00e4<\/td>\n<\/tr>\n<tr>\n<td>HS-keski<\/td>\n<td>&#8211;<\/td>\n<td>&#8211;<\/td>\n<\/tr>\n<tr>\n<td>HS-pitk\u00e4<\/td>\n<td>&#8211;<\/td>\n<td>&#8211;<\/td>\n<\/tr>\n<tr>\n<td>HS-parisprintti<\/td>\n<td>&#8211;<\/td>\n<td>&#8211;<\/td>\n<\/tr>\n<tr>\n<td><big><a title=\"Tarkkuussuunnistus\" href=\"http:\/\/www.siterunner.fi\/suuntasepot\/sivu.tmpl?sivu_id=1124\">Tarkkuus<\/a><\/big><\/td>\n<td>25.5.2014<\/td>\n<td>SuSe<\/td>\n<\/tr>\n<tr>\n<td><big><a href=\"http:\/\/www.rastikarhut.fi\">Py\u00f6r\u00e4suunnistus<\/a><\/big><\/td>\n<td>4.7.2014<\/td>\n<td>RasKa<\/td>\n<\/tr>\n<tr>\n<td><big><a title=\"Satakunnan AM-keskimatka\" href=\"http:\/\/www.vallansuunta.net\/Am_keskimatka\/etusivu.php\">Keskimatka<\/a><\/big><\/td>\n<td>4.6.2014<\/td>\n<td>ValSu<\/td>\n<\/tr>\n<tr>\n<td><big><a href=\"http:\/\/www.ulvilanura.fi\/suunnistus\/kilpailu.asp?id=70\">Sprintti<\/a><\/big><\/td>\n<td>18.8.2014<\/td>\n<td>UlvUra<\/td>\n<\/tr>\n<tr>\n<td><big><a href=\"http:\/\/www.hiisirasti.fi\/?page_id=38\">Pitk\u00e4<\/a><\/big><\/td>\n<td>9.8.2014<\/td>\n<td>K\u00f6La\/Hiisi<\/td>\n<\/tr>\n<tr>\n<td><big><a href=\"http:\/\/www.hiisirasti.fi\/?page_id=38\">Viesti<\/a><\/big><\/td>\n<td>10.8.2014<\/td>\n<td>K\u00f6La\/Hiisi<\/td>\n<\/tr>\n<tr>\n<td><big><a title=\"Erikoispitk\u00e4 Satakunta\" href=\"http:\/\/eku.sporttisaitti.com\/kilpailut\/\">Erikoispitk\u00e4<\/a><\/big><\/td>\n<td>10.5.2014<\/td>\n<td>EKU<\/td>\n<\/tr>\n<tr>\n<td><big><a title=\"Partiosuunnistus Satakunta\" href=\"http:\/\/www.torstairastit.net\/ampartio2014\">Partio<\/a><\/big><\/td>\n<td>2.7.2014<\/td>\n<td>NaWi<\/td>\n<\/tr>\n<tr>\n<td>Seura-cup<\/td>\n<td>13.8.2014<\/td>\n<td>K\u00f6La\/Hiisi<\/td>\n<\/tr>\n<tr>\n<td>AOV<\/td>\n<td>13.8.2014<\/td>\n<td>K\u00f6La\/Hiisi<\/td>\n<\/tr>\n<tr>\n<td><big><a title=\"AOK Satakunta\" href=\"http:\/\/www.ulvilanura.fi\/suunnistus\/kilpailu.asp?id=69\">AOK<\/a><\/big><\/td>\n<td>21.5.2014<\/td>\n<td>UlvUra<\/td>\n<\/tr>\n<tr>\n<td><big><a href=\"http:\/\/www.rastikarhut.fi\">Y\u00f6<\/a><\/big><\/td>\n<td>16.9.2014<\/td>\n<td>RasKa<\/td>\n<\/tr>\n<tr>\n<td><big><a title=\"KLL Satakunnan suunnistus\" href=\"http:\/\/fysiikka.tp.spt.fi\/SuunnistusBlog\/HTMLsivut\/SatakunnanKLL2014\/index.htm\">KLL Satakunta<\/a><\/big><\/td>\n<td>27.5.2014<\/td>\n<td>RasKa<\/td>\n<\/tr>\n<\/tbody>\n<\/table>\n<p><a title=\"AM-kilpailut 2013\" href=\"http:\/\/www.satakunnansuunnistus.fi\/vanha\/amkilpailut2013.html\">Aikaisempien vuosien AM-kilpailut<\/a><\/p>\n","protected":false},"excerpt":{"rendered":"<p>Laji P\u00e4iv\u00e4 J\u00e4rjest\u00e4j\u00e4 HS-keski &#8211; &#8211; HS-pitk\u00e4 &#8211; &#8211; HS-parisprintti &#8211; &#8211; Tarkkuus 25.5.2014 SuSe Py\u00f6r\u00e4suunnistus 4.7.2014 RasKa Keskimatka 4.6.2014 ValSu Sprintti 18.8.2014 UlvUra Pitk\u00e4 9.8.2014 K\u00f6La\/Hiisi Viesti 10.8.2014 K\u00f6La\/Hiisi Erikoispitk\u00e4 10.5.2014 EKU Partio 2.7.2014 NaWi Seura-cup 13.8.2014 K\u00f6La\/Hiisi AOV 13.8.2014 K\u00f6La\/Hiisi AOK 21.5.2014 UlvUra Y\u00f6 16.9.2014 RasKa KLL Satakunta [&hellip;]<\/p>\n","protected":false},"author":3,"featured_media":0,"parent":0,"menu_order":0,"comment_status":"closed","ping_status":"open","template":"","meta":{"footnotes":""},"class_list":["post-750","page","type-page","status-publish","hentry"],"_links":{"self":[{"href":"https:\/\/www.satakunnansuunnistus.fi\/index.php?rest_route=\/wp\/v2\/pages\/750","targetHints":{"allow":["GET"]}}],"collection":[{"href":"https:\/\/www.satakunnansuunnistus.fi\/index.php?rest_route=\/wp\/v2\/pages"}],"about":[{"href":"https:\/\/www.satakunnansuunnistus.fi\/index.php?rest_route=\/wp\/v2\/types\/page"}],"author":[{"embeddable":true,"href":"https:\/\/www.satakunnansuunnistus.fi\/index.php?rest_route=\/wp\/v2\/users\/3"}],"replies":[{"embeddable":true,"href":"https:\/\/www.satakunnansuunnistus.fi\/index.php?rest_route=%2Fwp%2Fv2%2Fcomments&post=750"}],"version-history":[{"count":1,"href":"https:\/\/www.satakunnansuunnistus.fi\/index.php?rest_route=\/wp\/v2\/pages\/750\/revisions"}],"predecessor-version":[{"id":751,"href":"https:\/\/www.satakunnansuunnistus.fi\/index.php?rest_route=\/wp\/v2\/pages\/750\/revisions\/751"}],"wp:attachment":[{"href":"https:\/\/www.satakunnansuunnistus.fi\/index.php?rest_route=%2Fwp%2Fv2%2Fmedia&parent=750"}],"curies":[{"name":"wp","href":"https:\/\/api.w.org\/{rel}","templated":true}]}}