{"id":4204,"date":"2023-01-31T08:33:01","date_gmt":"2023-01-31T06:33:01","guid":{"rendered":"https:\/\/www.satakunnansuunnistus.fi\/?page_id=4204"},"modified":"2023-02-21T19:10:41","modified_gmt":"2023-02-21T17:10:41","slug":"am-kilpailut-2022","status":"publish","type":"page","link":"https:\/\/www.satakunnansuunnistus.fi\/?page_id=4204","title":{"rendered":"AM-kilpailut 2022"},"content":{"rendered":"<p style=\"text-align: left;\"><strong>AM-kilpailut 2022<\/strong><\/p>\n<ul>\n<li>Hiihtosuunnistus: <a href=\"https:\/\/www.kyros-rasti.fi\/seura\/118\/sydantalven-rastit-ja-optiwax-cup\">6.2.2022, J\u00e4mi<\/a> (Kyr\u00f6s-Rasti)<\/li>\n<li>Keskimatka: <a href=\"https:\/\/www.kansu.fi\/kilpailut\/kilpailut-2022\/kankaanpaa-rastit-6-7-8-2022\/\">6.8.2022, Siikainen<\/a> (Kankaanp\u00e4\u00e4n Suunnistajat \/ Siikaisten Sisu)<\/li>\n<li>Pitk\u00e4: <a href=\"https:\/\/www.kansu.fi\/kilpailut\/kilpailut-2022\/kankaanpaa-rastit-6-7-8-2022\/\">7.8.2022, Siikainen<\/a> (Kankaanp\u00e4\u00e4n Suunnistajat \/ Siikaisten Sisu)<\/li>\n<li>Viesti:<\/li>\n<li>AOV: <a href=\"https:\/\/www.rastikarhut.fi\/SuunnistusBlog\/HTMLsivut\/AOV2022\/\">23.8.2022, Pori<\/a> (Rastikarhut)<\/li>\n<li>Sprintti:<\/li>\n<li>Y\u00f6: <a href=\"https:\/\/www.kyros-rasti.fi\/seura\/306\/hameen-ja-satakunnan-am-yo\">16.9.2022, H\u00e4meenkyr\u00f6<\/a> (Kyr\u00f6s-Rasti)<\/li>\n<li>Erikoispitk\u00e4: <a href=\"https:\/\/suunnistusmaraton.fi\/\">23.10.2022, J\u00e4mi<\/a> (Ikaalisten Nouseva Voima)<\/li>\n<li>AOK:<\/li>\n<li>Py\u00f6r\u00e4suunnistus:<\/li>\n<li>Tarkkuussuunnistus:<\/li>\n<\/ul>\n<p>Halukkaiden j\u00e4rjest\u00e4jien toivotaan ottavan yhteytt\u00e4 kilpailuohjaaja <a href=\"http:\/\/www.satakunnansuunnistus.fi\/?page_id=32\">Seppo Sipil\u00e4\u00e4n<\/a>.<\/p>\n<p><a href=\"https:\/\/www.satakunnansuunnistus.fi\/?page_id=3528\">AM-j\u00e4rjestelyohjeet<\/a><\/p>\n<p><a href=\"https:\/\/www.satakunnansuunnistus.fi\/?page_id=3799\">AM-kilpailut 2021<\/a><br \/>\n<a href=\"https:\/\/www.satakunnansuunnistus.fi\/?page_id=3656\">AM-kilpailut 2020<\/a><a href=\"https:\/\/www.satakunnansuunnistus.fi\/?page_id=3381\"><br \/>\nAM-kilpailut 2019<\/a><br \/>\n<a href=\"https:\/\/www.satakunnansuunnistus.fi\/?page_id=3142\">AM-kilpailut 2018<\/a><br \/>\n<a href=\"http:\/\/www.satakunnansuunnistus.fi\/?page_id=2657\" target=\"_blank\" rel=\"noopener noreferrer\">AM-kilpailut 2017<\/a><br \/>\n<a href=\"http:\/\/www.satakunnansuunnistus.fi\/?page_id=1868\" target=\"_blank\" rel=\"noopener noreferrer\">AM-kilpailut 2016<\/a><br \/>\n<a href=\"http:\/\/www.satakunnansuunnistus.fi\/?page_id=746\" target=\"_blank\" rel=\"noopener noreferrer\">AM-kilpailut 2015<\/a><br \/>\n<a href=\"http:\/\/www.satakunnansuunnistus.fi\/?page_id=750\" target=\"_blank\" rel=\"noopener noreferrer\">AM-kilpailut 2014<\/a><br \/>\n<a title=\"AM-kilpailut 2013\" href=\"http:\/\/www.satakunnansuunnistus.fi\/vanha\/amkilpailut2013.html\">2013 ja aikaisempien vuosien AM-kilpailut<\/a><\/p>\n","protected":false},"excerpt":{"rendered":"<p>AM-kilpailut 2022 Hiihtosuunnistus: 6.2.2022, J\u00e4mi (Kyr\u00f6s-Rasti) Keskimatka: 6.8.2022, Siikainen (Kankaanp\u00e4\u00e4n Suunnistajat \/ Siikaisten Sisu) Pitk\u00e4: 7.8.2022, Siikainen (Kankaanp\u00e4\u00e4n Suunnistajat \/ Siikaisten Sisu) Viesti: AOV: 23.8.2022, Pori (Rastikarhut) Sprintti: Y\u00f6: 16.9.2022, H\u00e4meenkyr\u00f6 (Kyr\u00f6s-Rasti) Erikoispitk\u00e4: 23.10.2022, J\u00e4mi (Ikaalisten Nouseva Voima) AOK: Py\u00f6r\u00e4suunnistus: Tarkkuussuunnistus: Halukkaiden j\u00e4rjest\u00e4jien toivotaan ottavan yhteytt\u00e4 kilpailuohjaaja Seppo Sipil\u00e4\u00e4n. AM-j\u00e4rjestelyohjeet [&hellip;]<\/p>\n","protected":false},"author":3,"featured_media":0,"parent":0,"menu_order":0,"comment_status":"closed","ping_status":"closed","template":"","meta":{"footnotes":""},"class_list":["post-4204","page","type-page","status-publish","hentry"],"_links":{"self":[{"href":"https:\/\/www.satakunnansuunnistus.fi\/index.php?rest_route=\/wp\/v2\/pages\/4204","targetHints":{"allow":["GET"]}}],"collection":[{"href":"https:\/\/www.satakunnansuunnistus.fi\/index.php?rest_route=\/wp\/v2\/pages"}],"about":[{"href":"https:\/\/www.satakunnansuunnistus.fi\/index.php?rest_route=\/wp\/v2\/types\/page"}],"author":[{"embeddable":true,"href":"https:\/\/www.satakunnansuunnistus.fi\/index.php?rest_route=\/wp\/v2\/users\/3"}],"replies":[{"embeddable":true,"href":"https:\/\/www.satakunnansuunnistus.fi\/index.php?rest_route=%2Fwp%2Fv2%2Fcomments&post=4204"}],"version-history":[{"count":3,"href":"https:\/\/www.satakunnansuunnistus.fi\/index.php?rest_route=\/wp\/v2\/pages\/4204\/revisions"}],"predecessor-version":[{"id":4236,"href":"https:\/\/www.satakunnansuunnistus.fi\/index.php?rest_route=\/wp\/v2\/pages\/4204\/revisions\/4236"}],"wp:attachment":[{"href":"https:\/\/www.satakunnansuunnistus.fi\/index.php?rest_route=%2Fwp%2Fv2%2Fmedia&parent=4204"}],"curies":[{"name":"wp","href":"https:\/\/api.w.org\/{rel}","templated":true}]}}