{"id":4196,"date":"2023-01-30T15:46:08","date_gmt":"2023-01-30T13:46:08","guid":{"rendered":"https:\/\/www.satakunnansuunnistus.fi\/?page_id=4196"},"modified":"2023-01-31T08:07:24","modified_gmt":"2023-01-31T06:07:24","slug":"orava-cup-2022","status":"publish","type":"page","link":"https:\/\/www.satakunnansuunnistus.fi\/?page_id=4196","title":{"rendered":"Orava-cup 2022"},"content":{"rendered":"\r\n<p><strong>SATAKUNNAN ALUEEN <\/strong><strong>ORAVATAPAHTUMAT 2022<\/strong><\/p>\r\n<p><strong>ORAVA-CUP 2022<\/strong><\/p>\r\n<p><big><a href=\"http:\/\/www.satakunnansuunnistus.fi\/oravacup\/ilmo\/\">Oravacupin ilmoittautumisj\u00e4rjestelm\u00e4<\/a><\/big><big><\/big><\/p>\r\n<p><a href=\"https:\/\/www.satakunnansuunnistus.fi\/?page_id=149\">Oravacup-s\u00e4\u00e4nn\u00f6t 2022<\/a><\/p>\r\n<table style=\"height: 248px;\" border=\"1\" width=\"463\" cellspacing=\"1\" cellpadding=\"2\">\r\n<tbody>\r\n<tr>\r\n<td>Orava-cup<\/td>\r\n<td>Aika<\/td>\r\n<td>J\u00e4rjest\u00e4j\u00e4<\/td>\r\n<td>HUOM!<\/td>\r\n<td>\u00a0Kotisivut<\/td>\r\n<\/tr>\r\n<tr>\r\n<td>Harjavalta<\/td>\r\n<td>18.5<\/td>\r\n<td>ValSu<\/td>\r\n<td>\u00a0<\/td>\r\n<td><a href=\"http:\/\/www.vallansuunta.net\/Oravacup\/etusivu.php\">Linkki<\/a><\/td>\r\n<\/tr>\r\n<tr>\r\n<td>Rauma<\/td>\r\n<td>25.5<\/td>\r\n<td>RaLu<\/td>\r\n<td>\u00a0<\/td>\r\n<td><a href=\"https:\/\/www.rastilukko.fi\/suunnistus\/kilpailut\/oravacup-25-5-2022\/\">Linkki<\/a><\/td>\r\n<\/tr>\r\n<tr>\r\n<td>Pori<\/td>\r\n<td>1.6<\/td>\r\n<td>RasKa<\/td>\r\n<td>\u00a0<\/td>\r\n<td><a href=\"https:\/\/www.rastikarhut.fi\/seura\/controller\/runko.php?kisaweb&amp;kisaID=830&amp;vuosi=2022\">Linkki<\/a><\/td>\r\n<\/tr>\r\n<tr>\r\n<td>Kankaanp\u00e4\u00e4<\/td>\r\n<td>15.6<\/td>\r\n<td>KanSu<\/td>\r\n<td>\u00a0<\/td>\r\n<td><a href=\"https:\/\/www.kansu.fi\/kilpailut\/kilpailut-2022\/orava-cup-ke-15-6\/\">Linkki<\/a><\/td>\r\n<\/tr>\r\n<tr>\r\n<td>Kokem\u00e4ki<\/td>\r\n<td>17.8<\/td>\r\n<td>KoKV<\/td>\r\n<td>Tarkkuus<\/td>\r\n<td><a href=\"https:\/\/www.kk-v.fi\/suunnistus\/kilpailut\/oravacup-17-8-2022\/\">Linkki<\/a><\/td>\r\n<\/tr>\r\n<tr>\r\n<td>Huittinen<\/td>\r\n<td>31.8.<\/td>\r\n<td>LLuja<\/td>\r\n<td>\u00a0<\/td>\r\n<td><a href=\"https:\/\/www.lauttakylanluja.fi\/suunnistus2\/oravacup-2022\/\">Linkki<\/a><\/td>\r\n<\/tr>\r\n<tr>\r\n<td>Ulvila<\/td>\r\n<td>7.9.<\/td>\r\n<td>UlvUra<\/td>\r\n<td>\u00a0<\/td>\r\n<td><a href=\"http:\/\/www.ulvilanura.fi\/suunnistus\/kilpailu.asp?id=89\" target=\"_blank\" rel=\"noopener\">Linkki<\/a><\/td>\r\n<\/tr>\r\n<tr>\r\n<td>S\u00e4kyl\u00e4<\/td>\r\n<td>14.9.<\/td>\r\n<td>K\u00f6La<\/td>\r\n<td>\u00a0<\/td>\r\n<td><a href=\"https:\/\/www.satakunnansuunnistus.fi\/?p=4045\">Linkki<\/a><\/td>\r\n<\/tr>\r\n<\/tbody>\r\n<\/table>\r\n<p><a href=\"https:\/\/www.satakunnansuunnistus.fi\/Orava-cupin%20pistetaulukko%202022.htm\" target=\"_blank\" rel=\"noopener\">Oravacupin lopputilanne 2022<\/a><\/p>\r\n<p><a href=\"https:\/\/www.satakunnansuunnistus.fi\/?page_id=3924\" target=\"_blank\" rel=\"noopener noreferrer\">Oravacup tulokset ja tapahtumat 2021<\/a> <br \/><a href=\"https:\/\/www.satakunnansuunnistus.fi\/?page_id=3662\" target=\"_blank\" rel=\"noopener noreferrer\">Oravacup tulokset ja tapahtumat 2020<\/a> <br \/><a href=\"https:\/\/www.satakunnansuunnistus.fi\/?page_id=3396\" target=\"_blank\" rel=\"noopener noreferrer\">Oravacup tulokset ja tapahtumat 2019<\/a> <br \/><a href=\"https:\/\/www.satakunnansuunnistus.fi\/?page_id=3087\">Oravacup tulokset ja tapahtumat 2018<\/a> <br \/><a href=\"http:\/\/www.satakunnansuunnistus.fi\/?page_id=2626\">Oravacup tulokset ja tapahtumat 2017<\/a> <br \/><a href=\"http:\/\/www.satakunnansuunnistus.fi\/?page_id=2029\">Oravacup tulokset ja tapahtumat 2016<\/a> <br \/><a href=\"http:\/\/www.satakunnansuunnistus.fi\/?page_id=1623\">Oravacup tulokset ja tapahtumat 2015<\/a> <br \/><a href=\"https:\/\/www.satakunnansuunnistus.fi\/?page_id=995\">Oravacup tulokset ja tapahtumat 2014<\/a> <br \/><a href=\"http:\/\/www.satakunnansuunnistus.fi\/vanha\/oravat.html\">Oravacup tulokset ja tapahtumat 2013<\/a><\/p>\r\n<p><a href=\"https:\/\/www.satakunnansuunnistus.fi\/?page_id=3412\" target=\"_blank\" rel=\"noopener noreferrer\"><strong>Katso my\u00f6s muut Satakunnan nuorisosuunnistuksen tapahtumat ja leirit<\/strong><\/a><\/p>","protected":false},"excerpt":{"rendered":"<p>SATAKUNNAN ALUEEN ORAVATAPAHTUMAT 2022 ORAVA-CUP 2022 Oravacupin ilmoittautumisj\u00e4rjestelm\u00e4 Oravacup-s\u00e4\u00e4nn\u00f6t 2022 Orava-cup Aika J\u00e4rjest\u00e4j\u00e4 HUOM! \u00a0Kotisivut Harjavalta 18.5 ValSu \u00a0 Linkki Rauma 25.5 RaLu \u00a0 Linkki Pori 1.6 RasKa \u00a0 Linkki Kankaanp\u00e4\u00e4 15.6 KanSu \u00a0 Linkki Kokem\u00e4ki 17.8 KoKV Tarkkuus Linkki Huittinen 31.8. LLuja \u00a0 Linkki Ulvila 7.9. UlvUra \u00a0 Linkki [&hellip;]<\/p>\n","protected":false},"author":3,"featured_media":0,"parent":0,"menu_order":0,"comment_status":"closed","ping_status":"closed","template":"","meta":{"footnotes":""},"class_list":["post-4196","page","type-page","status-publish","hentry"],"_links":{"self":[{"href":"https:\/\/www.satakunnansuunnistus.fi\/index.php?rest_route=\/wp\/v2\/pages\/4196","targetHints":{"allow":["GET"]}}],"collection":[{"href":"https:\/\/www.satakunnansuunnistus.fi\/index.php?rest_route=\/wp\/v2\/pages"}],"about":[{"href":"https:\/\/www.satakunnansuunnistus.fi\/index.php?rest_route=\/wp\/v2\/types\/page"}],"author":[{"embeddable":true,"href":"https:\/\/www.satakunnansuunnistus.fi\/index.php?rest_route=\/wp\/v2\/users\/3"}],"replies":[{"embeddable":true,"href":"https:\/\/www.satakunnansuunnistus.fi\/index.php?rest_route=%2Fwp%2Fv2%2Fcomments&post=4196"}],"version-history":[{"count":3,"href":"https:\/\/www.satakunnansuunnistus.fi\/index.php?rest_route=\/wp\/v2\/pages\/4196\/revisions"}],"predecessor-version":[{"id":4200,"href":"https:\/\/www.satakunnansuunnistus.fi\/index.php?rest_route=\/wp\/v2\/pages\/4196\/revisions\/4200"}],"wp:attachment":[{"href":"https:\/\/www.satakunnansuunnistus.fi\/index.php?rest_route=%2Fwp%2Fv2%2Fmedia&parent=4196"}],"curies":[{"name":"wp","href":"https:\/\/api.w.org\/{rel}","templated":true}]}}