{"id":3662,"date":"2021-01-27T19:21:51","date_gmt":"2021-01-27T17:21:51","guid":{"rendered":"https:\/\/www.satakunnansuunnistus.fi\/?page_id=3662"},"modified":"2021-01-27T19:21:51","modified_gmt":"2021-01-27T17:21:51","slug":"orava-cup-2020","status":"publish","type":"page","link":"https:\/\/www.satakunnansuunnistus.fi\/?page_id=3662","title":{"rendered":"Orava-cup 2020"},"content":{"rendered":"\r\n\r\n&nbsp;\r\n\r\n\r\n\r\n<strong>SATAKUNNAN ALUEEN <\/strong><strong>ORAVATAPAHTUMAT 2020<\/strong>\r\n\r\n<strong>ORAVA-CUP 2020<\/strong>\r\n\r\n<big><a href=\"http:\/\/www.satakunnansuunnistus.fi\/oravacup\/ilmo\/\">Oravacupin ilmoittautumisj\u00e4rjestelm\u00e4<\/a><\/big><big><a href=\"http:\/\/www.ulvilanura.fi\/Oravacup\/OravacupLaskuri2019_3.htm\" target=\"_blank\" rel=\"noopener noreferrer\">\r\n<\/a><\/big>\r\n<h4><a href=\"http:\/\/www.ulvilanura.fi\/Oravacup\/Oravacuplaskuri2020_7.htm\" target=\"_blank\" rel=\"noopener noreferrer\">\u00a0 \u00a0 Oravacupin lopullinen pistetilanne 2020<\/a><\/h4>\r\n<span style=\"display: inline !important; float: none; background-color: #ffffff; color: #333333; cursor: text; font-family: Georgia,'Times New Roman','Bitstream Charter',Times,serif; font-size: 16px; font-style: normal; font-variant: normal; font-weight: 400; letter-spacing: normal; orphans: 2; text-align: left; text-decoration: none; text-indent: 0px; text-transform: none; -webkit-text-stroke-width: 0px; white-space: normal; word-spacing: 0px;\"><a href=\"https:\/\/www.satakunnansuunnistus.fi\/wp-content\/uploads\/2020\/06\/OravacupS\u00e4\u00e4nn\u00f6t2020.pdf\" target=\"_blank\" rel=\"noopener noreferrer\">Oravacup s\u00e4\u00e4nn\u00f6t 2020<\/a><\/span>\r\n<table style=\"height: 248px;\" border=\"1\" width=\"463\" cellspacing=\"1\" cellpadding=\"2\">\r\n<tbody>\r\n<tr>\r\n<td>Orava-cup<\/td>\r\n<td>Aika<\/td>\r\n<td>J\u00e4rjest\u00e4j\u00e4<\/td>\r\n<td>HUOM!<\/td>\r\n<td>\u00a0Kotisivut<\/td>\r\n<\/tr>\r\n<tr>\r\n<td>1. Ulvila<\/td>\r\n<td>10.6<\/td>\r\n<td>UlvUra<\/td>\r\n<td>Ke<\/td>\r\n<td><a href=\"http:\/\/www.ulvilanura.fi\/suunnistus\/kilpailu.asp?id=87\" target=\"_blank\" rel=\"noopener noreferrer\">UlvUran Oravacup<\/a><\/td>\r\n<\/tr>\r\n<tr>\r\n<td>2. <span style=\"display: inline !important; float: none; background-color: #ffffff; color: #333333; cursor: text; font-family: Georgia,'Times New Roman','Bitstream Charter',Times,serif; font-size: 16px; font-style: normal; font-variant: normal; font-weight: 400; letter-spacing: normal; orphans: 2; text-align: left; text-decoration: none; text-indent: 0px; text-transform: none; -webkit-text-stroke-width: 0px; white-space: normal; word-spacing: 0px;\">Kankaanp\u00e4\u00e4<\/span><\/td>\r\n<td>17.6<\/td>\r\n<td><span style=\"display: inline !important; float: none; background-color: #ffffff; color: #333333; cursor: text; font-family: Georgia,'Times New Roman','Bitstream Charter',Times,serif; font-size: 16px; font-style: normal; font-variant: normal; font-weight: 400; letter-spacing: normal; orphans: 2; text-align: left; text-decoration: none; text-indent: 0px; text-transform: none; -webkit-text-stroke-width: 0px; white-space: normal; word-spacing: 0px;\">KanSu<\/span><\/td>\r\n<td>Ke<\/td>\r\n<td><a href=\"https:\/\/www.kansu.fi\/kilpailut\/kilpailut-2020\/orava-cup-ke-17-6\/\" target=\"_blank\" rel=\"noopener noreferrer\">KanSun Oravacup<\/a><\/td>\r\n<\/tr>\r\n<tr>\r\n<td>3. Rauma<\/td>\r\n<td>22.7<\/td>\r\n<td>RaLu<\/td>\r\n<td>Ke<\/td>\r\n<td><a href=\"https:\/\/www.rastilukko.fi\/suunnistus\/kilpailut\/oravacup-22-7-2020\/\" target=\"_blank\" rel=\"noopener noreferrer\">RaLun Oravacup<\/a><\/td>\r\n<\/tr>\r\n<tr>\r\n<td>4. <span style=\"display: inline !important; float: none; background-color: #ffffff; color: #333333; cursor: text; font-family: Georgia,'Times New Roman','Bitstream Charter',Times,serif; font-size: 16px; font-style: normal; font-variant: normal; font-weight: 400; letter-spacing: normal; orphans: 2; text-align: left; text-decoration: none; text-indent: 0px; text-transform: none; -webkit-text-stroke-width: 0px; white-space: normal; word-spacing: 0px;\">Eura<\/span><\/td>\r\n<td>29.7<\/td>\r\n<td>EKU<\/td>\r\n<td>Ke<\/td>\r\n<td><a href=\"https:\/\/eku.sporttisaitti.com\/oravacup-2020\/\" target=\"_blank\" rel=\"noopener noreferrer\">EKUn Oravacup<\/a><\/td>\r\n<\/tr>\r\n<tr>\r\n<td>5. Harjavalta<\/td>\r\n<td>12.8<\/td>\r\n<td>Valsu<\/td>\r\n<td>Ke<\/td>\r\n<td><a href=\"http:\/\/www.vallansuunta.net\/Oravacup\/etusivu.php\">ValSun Oravacup<\/a><\/td>\r\n<\/tr>\r\n<tr>\r\n<td>6. Pori<\/td>\r\n<td>26.8<\/td>\r\n<td>RasKa<\/td>\r\n<td>Ke<\/td>\r\n<td><a href=\"https:\/\/www.rastikarhut.fi\/seura\/controller\/runko.php\" target=\"_blank\" rel=\"noopener noreferrer\">RasKan Oravacup<\/a><\/td>\r\n<\/tr>\r\n<tr>\r\n<td>7. Huittinen<\/td>\r\n<td>2.9<\/td>\r\n<td>LLuja<\/td>\r\n<td>Ke<\/td>\r\n<td><a href=\"https:\/\/www.lauttakylanluja.fi\/suunnistus2\/kilpailut\/\" target=\"_blank\" rel=\"noopener noreferrer\">LLujan Oravacup<\/a><\/td>\r\n<\/tr>\r\n<\/tbody>\r\n<\/table>\r\n<a href=\"https:\/\/www.satakunnansuunnistus.fi\/?page_id=3396\" target=\"_blank\" rel=\"noopener noreferrer\">Oravacup tulokset ja tapahtumat 2019<\/a>\r\n\r\n<a href=\"https:\/\/www.satakunnansuunnistus.fi\/?page_id=3087\">Oravacup tulokset ja tapahtumat 2018<\/a>\r\n<a href=\"http:\/\/www.satakunnansuunnistus.fi\/?page_id=2626\">Oravacup tulokset ja tapahtumat 2017<\/a>\r\n<a href=\"http:\/\/www.satakunnansuunnistus.fi\/?page_id=2029\">Oravacup tulokset ja tapahtumat 2016<\/a><a href=\"http:\/\/www.satakunnansuunnistus.fi\/?page_id=995\">\r\n<\/a><a href=\"http:\/\/www.satakunnansuunnistus.fi\/?page_id=1623\">Oravacup tulokset ja tapahtumat 2015<\/a>\r\n<a href=\"https:\/\/www.satakunnansuunnistus.fi\/?page_id=995\">Oravacup tulokset ja tapahtumat 2014<\/a>\r\n<a href=\"http:\/\/www.satakunnansuunnistus.fi\/vanha\/oravat.html\">Oravacup tulokset ja tapahtumat 2013<\/a><a href=\"http:\/\/www.satakunnansuunnistus.fi\/?page_id=995\">\r\n<\/a>\r\n\r\n<a href=\"https:\/\/www.satakunnansuunnistus.fi\/?page_id=3412\" target=\"_blank\" rel=\"noopener noreferrer\"><strong>Katso my\u00f6s muut Satakunnan nuorisosuunnistuksen tapahtumat ja leirit<\/strong><\/a>","protected":false},"excerpt":{"rendered":"<p>&nbsp; SATAKUNNAN ALUEEN ORAVATAPAHTUMAT 2020 ORAVA-CUP 2020 Oravacupin ilmoittautumisj\u00e4rjestelm\u00e4 \u00a0 \u00a0 Oravacupin lopullinen pistetilanne 2020 Oravacup s\u00e4\u00e4nn\u00f6t 2020 Orava-cup Aika J\u00e4rjest\u00e4j\u00e4 HUOM! \u00a0Kotisivut 1. Ulvila 10.6 UlvUra Ke UlvUran Oravacup 2. Kankaanp\u00e4\u00e4 17.6 KanSu Ke KanSun Oravacup 3. Rauma 22.7 RaLu Ke RaLun Oravacup 4. Eura 29.7 EKU Ke EKUn [&hellip;]<\/p>\n","protected":false},"author":3,"featured_media":0,"parent":0,"menu_order":0,"comment_status":"closed","ping_status":"closed","template":"","meta":{"footnotes":""},"class_list":["post-3662","page","type-page","status-publish","hentry"],"_links":{"self":[{"href":"https:\/\/www.satakunnansuunnistus.fi\/index.php?rest_route=\/wp\/v2\/pages\/3662","targetHints":{"allow":["GET"]}}],"collection":[{"href":"https:\/\/www.satakunnansuunnistus.fi\/index.php?rest_route=\/wp\/v2\/pages"}],"about":[{"href":"https:\/\/www.satakunnansuunnistus.fi\/index.php?rest_route=\/wp\/v2\/types\/page"}],"author":[{"embeddable":true,"href":"https:\/\/www.satakunnansuunnistus.fi\/index.php?rest_route=\/wp\/v2\/users\/3"}],"replies":[{"embeddable":true,"href":"https:\/\/www.satakunnansuunnistus.fi\/index.php?rest_route=%2Fwp%2Fv2%2Fcomments&post=3662"}],"version-history":[{"count":1,"href":"https:\/\/www.satakunnansuunnistus.fi\/index.php?rest_route=\/wp\/v2\/pages\/3662\/revisions"}],"predecessor-version":[{"id":3663,"href":"https:\/\/www.satakunnansuunnistus.fi\/index.php?rest_route=\/wp\/v2\/pages\/3662\/revisions\/3663"}],"wp:attachment":[{"href":"https:\/\/www.satakunnansuunnistus.fi\/index.php?rest_route=%2Fwp%2Fv2%2Fmedia&parent=3662"}],"curies":[{"name":"wp","href":"https:\/\/api.w.org\/{rel}","templated":true}]}}