{"id":3142,"date":"2019-05-21T17:01:20","date_gmt":"2019-05-21T14:01:20","guid":{"rendered":"https:\/\/www.satakunnansuunnistus.fi\/?page_id=3142"},"modified":"2019-05-21T17:01:21","modified_gmt":"2019-05-21T14:01:21","slug":"am-kilpailut-2018","status":"publish","type":"page","link":"https:\/\/www.satakunnansuunnistus.fi\/?page_id=3142","title":{"rendered":"AM-kilpailut 2018"},"content":{"rendered":"\n<p><strong>AM-kilpailut 2018<\/strong><\/p>\n\n\n\n<ul class=\"wp-block-list\"><li><a href=\"https:\/\/www.rastilukko.fi\/suunnistus\/kilpailut\/kll-satakunnan-piiri-18-5-2018\/\">KLL Satakunta, Rasti-Lukko 18.5.2018<\/a><\/li><li><a href=\"http:\/\/www.vallansuunta.net\/Am_keskimatka\/etusivu.php\">Keskimatka, Vallan Suunta, 22.5.2018<\/a><\/li><li><a href=\"http:\/\/wilix.kapsi.fi\/pysu2018\/\">Py\u00f6r\u00e4suunnistus, Suosmeren Salpa \/ Nakkilan Wisa, 3.6.2018<\/a><\/li><li><a href=\"http:\/\/www.kansu.fi\/kilpailut\/kilpailut2018\/am-partiosuunnistus\">Partio, Kankaanp\u00e4\u00e4n Suunnistajat, 6.6.2018<\/a><\/li><li><a href=\"https:\/\/www.rastilukko.fi\/suunnistus\/kilpailut\/am-sprintti-avoin-22-7-2018\/\">Sprintti, Rasti-Lukko, 22.7.2018<\/a><\/li><li><a href=\"https:\/\/laitilanjyske.sporttisaitti.com\/suunnistus\/am-pitka-2018\/\">Pitk\u00e4 matka, Laitilan Jyske, 11.8.2018<\/a><\/li><li><a href=\"http:\/\/www.hiisirasti.fi\/?page_id=1549\">Viesti, Kiukaisten Urheilijat, 12.8.2018<\/a><\/li><li><a href=\"http:\/\/www.satakunnansuunnistus.fi\/?page_id=2778\">Y\u00f6, Palo-88, 19.9.2018<\/a><\/li><li><a href=\"http:\/\/www.suunta-sepot.fi\/sivu.tmpl?sivu_id=2813\">Tarkkuussuunnistus, 20.10.2018<\/a><\/li><li><a href=\"http:\/\/www.iknv.fi\/suunnistusmaraton\/tulokset\">Erikoispitk\u00e4, Ikaalisten Nouseva Voima, 20.10.2018<\/a><\/li><\/ul>\n\n\n\n<p><strong>Avoimet<\/strong><\/p>\n\n\n\n<ul class=\"wp-block-list\"><li>AOK, AOV, Seuracup<\/li><\/ul>\n\n\n\n<p>Halukkaiden j\u00e4rjest\u00e4jien toivotaan ottavan yhteytt\u00e4 kilpailuohjaaja <a href=\"http:\/\/www.satakunnansuunnistus.fi\/?page_id=32\">Seppo Sipil\u00e4\u00e4n<\/a>.<\/p>\n\n\n\n<p><a href=\"http:\/\/www.satakunnansuunnistus.fi\/?page_id=2657\" target=\"_blank\" rel=\"noreferrer noopener\">AM-kilpailut 2017<\/a><br><a href=\"http:\/\/www.satakunnansuunnistus.fi\/?page_id=1868\" target=\"_blank\" rel=\"noreferrer noopener\">AM-kilpailut 2016<\/a><br><a href=\"http:\/\/www.satakunnansuunnistus.fi\/?page_id=746\" target=\"_blank\" rel=\"noreferrer noopener\">AM-kilpailut 2015<\/a><br><a href=\"http:\/\/www.satakunnansuunnistus.fi\/?page_id=750\" target=\"_blank\" rel=\"noreferrer noopener\">AM-kilpailut 2014<\/a><br><a href=\"http:\/\/www.satakunnansuunnistus.fi\/vanha\/amkilpailut2013.html\">2013 ja aikaisempien vuosien AM-kilpailut<\/a><\/p>\n","protected":false},"excerpt":{"rendered":"<p>AM-kilpailut 2018 KLL Satakunta, Rasti-Lukko 18.5.2018 Keskimatka, Vallan Suunta, 22.5.2018 Py\u00f6r\u00e4suunnistus, Suosmeren Salpa \/ Nakkilan Wisa, 3.6.2018 Partio, Kankaanp\u00e4\u00e4n Suunnistajat, 6.6.2018 Sprintti, Rasti-Lukko, 22.7.2018 Pitk\u00e4 matka, Laitilan Jyske, 11.8.2018 Viesti, Kiukaisten Urheilijat, 12.8.2018 Y\u00f6, Palo-88, 19.9.2018 Tarkkuussuunnistus, 20.10.2018 Erikoispitk\u00e4, Ikaalisten Nouseva Voima, 20.10.2018 Avoimet AOK, AOV, Seuracup Halukkaiden j\u00e4rjest\u00e4jien toivotaan [&hellip;]<\/p>\n","protected":false},"author":3,"featured_media":0,"parent":0,"menu_order":0,"comment_status":"closed","ping_status":"closed","template":"","meta":{"footnotes":""},"class_list":["post-3142","page","type-page","status-publish","hentry"],"_links":{"self":[{"href":"https:\/\/www.satakunnansuunnistus.fi\/index.php?rest_route=\/wp\/v2\/pages\/3142","targetHints":{"allow":["GET"]}}],"collection":[{"href":"https:\/\/www.satakunnansuunnistus.fi\/index.php?rest_route=\/wp\/v2\/pages"}],"about":[{"href":"https:\/\/www.satakunnansuunnistus.fi\/index.php?rest_route=\/wp\/v2\/types\/page"}],"author":[{"embeddable":true,"href":"https:\/\/www.satakunnansuunnistus.fi\/index.php?rest_route=\/wp\/v2\/users\/3"}],"replies":[{"embeddable":true,"href":"https:\/\/www.satakunnansuunnistus.fi\/index.php?rest_route=%2Fwp%2Fv2%2Fcomments&post=3142"}],"version-history":[{"count":1,"href":"https:\/\/www.satakunnansuunnistus.fi\/index.php?rest_route=\/wp\/v2\/pages\/3142\/revisions"}],"predecessor-version":[{"id":3143,"href":"https:\/\/www.satakunnansuunnistus.fi\/index.php?rest_route=\/wp\/v2\/pages\/3142\/revisions\/3143"}],"wp:attachment":[{"href":"https:\/\/www.satakunnansuunnistus.fi\/index.php?rest_route=%2Fwp%2Fv2%2Fmedia&parent=3142"}],"curies":[{"name":"wp","href":"https:\/\/api.w.org\/{rel}","templated":true}]}}