{"id":2242,"date":"2017-05-09T18:11:17","date_gmt":"2017-05-09T15:11:17","guid":{"rendered":"http:\/\/www.satakunnansuunnistus.fi\/?page_id=2242"},"modified":"2017-05-09T18:11:17","modified_gmt":"2017-05-09T15:11:17","slug":"am-kll-kilpailuohjeet","status":"publish","type":"page","link":"https:\/\/www.satakunnansuunnistus.fi\/?page_id=2242","title":{"rendered":"AM-KLL-kilpailuohjeet"},"content":{"rendered":"<h1 class=\"pageTitle\">Kilpailuohjeet (alustavat)<\/h1>\n<div id=\"zone-top\" class=\"zone\"><\/div>\n<div id=\"content-middle\">\n<div id=\"zone-_main\" class=\"zone zone-_main-stuff\">\n<div id=\"token-310911\" class=\"token token-Content\">\n<p><a class=\"anchor\" name=\"anchor-310911\"><\/a><\/p>\n<div id=\"content-container-310912\" class=\"content-container\">\n<table class=\"contentFrame\">\n<tbody>\n<tr>\n<td>\n<div id=\"content-text-310912\">\n<h2><u>KLL:n Satakunnan piirin suunnistusmestaruuskilpailut 11.5.2017<\/u><\/h2>\n<p>&nbsp;<\/p>\n<p>Kilpailukeskus: Luvian Vedon hiihtomaja, Kaiturintie 179, 29180\u00a0Luvia<\/p>\n<\/div>\n<\/td>\n<td><\/td>\n<\/tr>\n<\/tbody>\n<\/table>\n<\/div>\n<\/div>\n<div id=\"token-310927\" class=\"token token-Content\">\n<p><a class=\"anchor\" name=\"anchor-310927\"><\/a><\/p>\n<div id=\"content-container-310928\" class=\"content-container\">\n<div id=\"content-text-310928\">\n<h2><b>Kilpailuohjeet (alustavat)<\/b><\/h2>\n<p>&nbsp;<\/p>\n<h2><b>Kilpailus\u00e4\u00e4nn\u00f6t<\/b><\/h2>\n<p>Kilpailussa noudatetaan SSL:n lajis\u00e4\u00e4nt\u00f6j\u00e4 ja n\u00e4it\u00e4 j\u00e4rjest\u00e4j\u00e4n ohjeita.<\/p>\n<h2>1. Toimihenkil\u00f6t<\/h2>\n<h2><\/h2>\n<table>\n<tbody>\n<tr>\n<td>Kilpailunjohtaja<\/td>\n<td>Kimmo Mieskoski \u00a0 \u00a0 \u00a0 \u00a0 \u00a0 \u00a0 \u00a0045-6766 891<\/td>\n<\/tr>\n<tr>\n<td>Valvoja<\/td>\n<td><\/td>\n<\/tr>\n<tr>\n<td>Tulospalvelu<\/td>\n<td>PoKrin 5-6-luokka<\/td>\n<\/tr>\n<tr>\n<td>Ratamestari<\/td>\n<td>Kimmo Mieskoski<\/td>\n<\/tr>\n<\/tbody>\n<\/table>\n<p>&nbsp;<\/p>\n<h2>2. Kartta ja rastim\u00e4\u00e4ritteet<\/h2>\n<p>C-sarjan suunnistajilla mittakaava 1:7 500, A- ja B-sarjan suunnistajilla mittakaava on 1:10 000. K\u00e4yr\u00e4v\u00e4li on 2,5 m, tulostettu 5\/2017, kartan koko A5.<\/p>\n<p>Ajantasaistus Kimmo Mieskoski\u00a04\/2017-5\/2017. Alueen aikaisempi suunnistuskartta saattaa olla\u00a0n\u00e4ht\u00e4vill\u00e4 tulostaululla ennen ensimm\u00e4ist\u00e4 l\u00e4ht\u00f6\u00e4.<\/p>\n<p>Muovisuojassa olevan kartan saavat RR-sarjalaiset kaksi minuuttia ennen l\u00e4ht\u00f6\u00e4, muut B- ja C-sarjalaiset yht\u00e4 minuuttia ennen l\u00e4ht\u00f6\u00e4 sek\u00e4 A-sarjalaiset ja opettajat l\u00e4ht\u00f6hetkell\u00e4. Yksityiskohtaisemmat l\u00e4ht\u00f6j\u00e4rjestelyt selvi\u00e4v\u00e4t alempaa kohdasta L\u00e4ht\u00f6.<\/p>\n<p>Rastim\u00e4\u00e4ritteet on tulostettu karttaan eik\u00e4 erillisi\u00e4 rastim\u00e4\u00e4ritteit\u00e4 ole. Emit-tarkastuslipukkeet ovat l\u00e4hd\u00f6n l\u00e4heisyydess\u00e4.<\/p>\n<\/div>\n<\/div>\n<\/div>\n<div id=\"token-310935\" class=\"token token-Content\">\n<p><a class=\"anchor\" name=\"anchor-310935\"><\/a><\/p>\n<div id=\"content-container-310936\" class=\"content-container\">\n<div id=\"content-text-310936\">\n<h2>3. Leimaus<\/h2>\n<p>Kaikissa sarjoissa on Emit-leimausj\u00e4rjestelm\u00e4. Tarkistakaa koodi, sill\u00e4 rasteja on l\u00e4hekk\u00e4in. Vuokrakortit on saatavissa infosta ja lainaemitit palautetaan infoon.<\/p>\n<h2>4. Info-piste<\/h2>\n<p>Kilpailukeskuksen info-piste hoitaa ilmoittautumisten ep\u00e4selvyydet ja Emit-korttiasiat.<\/p>\n<p>Emit-kortin vuokravarauksen tehneet saavat kortin infosta. Ep\u00e4kuntoisen Emit-kortin tilalle on infosta vuokrattavissa rajoitetusti uusia. Vuokra on 3 \u20ac \/ kortti. Kadotetusta kortista perit\u00e4\u00e4n 65 \u20ac.<\/p>\n<p>Huom! Vuokratut Emit-kortit palautetaan infoon.<\/p>\n<h2>5. Mallirasti<\/h2>\n<p>Mallirasti on kilpailukeskuksessa tulostaulun vieress\u00e4. Tarkista Emit-korttisi toimivuus mallirastin 0-leimasimella.<\/p>\n<h2>6. L\u00e4ht\u00f6luettelo<\/h2>\n<p>L\u00e4ht\u00f6luettelo on n\u00e4ht\u00e4viss\u00e4 kilpailukeskuksessa ja l\u00e4hd\u00f6n l\u00e4heisyydess\u00e4 sek\u00e4 internetiss\u00e4.<\/p>\n<p>Tarkista, ett\u00e4 Emit-korttisi numero on sama kuin l\u00e4ht\u00f6luettelossa. Korjaukset infossa.<\/p>\n<h2>7. L\u00e4ht\u00f6<\/h2>\n<p>L\u00e4hd\u00f6ss\u00e4 ei ole WC:t\u00e4. K\u00e4ytt\u00e4k\u00e4\u00e4 kilpailukeskuksen WC-tiloja ennen l\u00e4ht\u00f6\u00f6n siirtymist\u00e4.<\/p>\n<p>L\u00e4ht\u00f6\u00f6n kutsutaan <b>4 min<\/b> ennen l\u00e4ht\u00f6\u00e4 ja tarkistetaan l\u00e4ht\u00f6aika.<\/p>\n<p><b>3 min<\/b> ennen l\u00e4ht\u00f6\u00e4 suoritetaan emit-kortin nollaus.<\/p>\n<p><b>2 min<\/b> ennen l\u00e4ht\u00f6\u00e4 RR-suunnistaja saa kartan ja opastuksen, TR-suunnistaja saa tutustua mallikarttaan, jossa on rata, muiden sarjojen kilpailijat saavat tutustua mallikarttaan, johon on merkitty K-piste.<\/p>\n<p><b>1 min<\/b> ennen l\u00e4ht\u00f6\u00e4 RR-radalla alkaa valmistautumisminuutti, B- ja C-sarjalaiset (ala- ja yl\u00e4koululaiset) saavat ottaa kartan.<\/p>\n<p><b>L\u00e4ht\u00f6hetkell\u00e4 <\/b>kartan saavat ottaa A-sarjalaiset ja opettajat.<\/p>\n<p>&nbsp;<\/p>\n<h2>8. L\u00e4ht\u00f6paikka, ratapituudet ja rastien m\u00e4\u00e4r\u00e4t<\/h2>\n<p>Viitoitus l\u00e4ht\u00f6\u00f6n alkaa kilpailukeskuksesta, oranssi-valkoinen OP-nauha. Ensimm\u00e4iset l\u00e4hd\u00f6t ovat klo 11.00.<\/p>\n<p>VARO LIIKENNETT\u00c4!<\/p>\n<p>&nbsp;<\/p>\n<table>\n<tbody>\n<tr>\n<td colspan=\"8\">L\u00c4HT\u00d6 &#8211; Matkaa 0,2 km polkua ja tiet\u00e4\u00a0pitkin.<\/p>\n<p>&nbsp;<\/td>\n<\/tr>\n<tr>\n<td>Sarja<\/td>\n<td>Ratapituus, km<\/td>\n<td>Rasteja<\/td>\n<td><\/td>\n<td>Sarja<\/td>\n<td>Ratapituus, km<\/td>\n<td>Rasteja<\/td>\n<td><\/td>\n<\/tr>\n<tr>\n<td>\n<p align=\"center\">Oppilaat<\/p>\n<\/td>\n<td><\/td>\n<td><\/td>\n<td><\/td>\n<td><\/td>\n<td><\/td>\n<td><\/td>\n<td><\/td>\n<\/tr>\n<tr>\n<td>\n<p align=\"center\">P 1-2 lk RR<\/p>\n<\/td>\n<td>\n<p align=\"center\">1,5\/2,3<\/p>\n<\/td>\n<td>\n<p align=\"center\">5<\/p>\n<\/td>\n<td>\n<p align=\"center\">C-sarja<\/p>\n<\/td>\n<td>\n<p align=\"center\">T 1-2 lk RR<\/p>\n<\/td>\n<td>\n<p align=\"center\">1,5\/2,3<\/p>\n<\/td>\n<td>\n<p align=\"center\">5<\/p>\n<\/td>\n<td>\n<p align=\"center\">C-sarja<\/p>\n<\/td>\n<\/tr>\n<tr>\n<td>\n<p align=\"center\">P 3-4 lk RR<\/p>\n<\/td>\n<td>\n<p align=\"center\">1,5\/2,3<\/p>\n<\/td>\n<td>\n<p align=\"center\">5<\/p>\n<\/td>\n<td>\n<p align=\"center\">C-sarja<\/p>\n<\/td>\n<td>\n<p align=\"center\">T 3-4 lk RR<\/p>\n<\/td>\n<td>\n<p align=\"center\">1,5\/2,3<\/p>\n<\/td>\n<td>\n<p align=\"center\">5<\/p>\n<\/td>\n<td>\n<p align=\"center\">C-sarja<\/p>\n<\/td>\n<\/tr>\n<tr>\n<td>\n<p align=\"center\">P 5-6 lk<\/p>\n<\/td>\n<td>\n<p align=\"center\">2,2<\/p>\n<\/td>\n<td>\n<p align=\"center\">8<\/p>\n<\/td>\n<td>\n<p align=\"center\">C-sarja<\/p>\n<\/td>\n<td>\n<p align=\"center\">T 5-6 lk<\/p>\n<\/td>\n<td>\n<p align=\"center\">2,2<\/p>\n<\/td>\n<td>\n<p align=\"center\">8<\/p>\n<\/td>\n<td>\n<p align=\"center\">C-sarja<\/p>\n<\/td>\n<\/tr>\n<tr>\n<td>\n<p align=\"center\">P 7-9 lk<\/p>\n<\/td>\n<td>\n<p align=\"center\">3,2<\/p>\n<\/td>\n<td>\n<p align=\"center\">8<\/p>\n<\/td>\n<td>\n<p align=\"center\">B-sarja<\/p>\n<\/td>\n<td>\n<p align=\"center\">T 7-9 lk<\/p>\n<\/td>\n<td>\n<p align=\"center\">3,0<\/p>\n<\/td>\n<td>\n<p align=\"center\">9<\/p>\n<\/td>\n<td>\n<p align=\"center\">B-sarja<\/p>\n<\/td>\n<\/tr>\n<tr>\n<td>\n<p align=\"center\">P<\/p>\n<\/td>\n<td>\n<p align=\"center\">4,5<\/p>\n<\/td>\n<td>\n<p align=\"center\">11<\/p>\n<\/td>\n<td>\n<p align=\"center\">A-sarja<\/p>\n<\/td>\n<td>\n<p align=\"center\">T<\/p>\n<\/td>\n<td>\n<p align=\"center\">3,2<\/p>\n<\/td>\n<td>\n<p align=\"center\">9<\/p>\n<\/td>\n<td>\n<p align=\"center\">A-sarja<\/p>\n<\/td>\n<\/tr>\n<tr>\n<td><\/td>\n<td><\/td>\n<td><\/td>\n<td><\/td>\n<td><\/td>\n<td><\/td>\n<td><\/td>\n<td><\/td>\n<\/tr>\n<tr>\n<td>\n<p align=\"center\">Opettajat<\/p>\n<\/td>\n<td><\/td>\n<td><\/td>\n<td><\/td>\n<td><\/td>\n<td><\/td>\n<td><\/td>\n<td><\/td>\n<\/tr>\n<tr>\n<td>\n<p align=\"center\">H21<\/p>\n<\/td>\n<td>\n<p align=\"center\">4,5<\/p>\n<\/td>\n<td>\n<p align=\"center\">11<\/p>\n<\/td>\n<td>\n<p align=\"center\">Opettajat<\/p>\n<\/td>\n<td>\n<p align=\"center\">D21<\/p>\n<\/td>\n<td>\n<p align=\"center\">4,5<\/p>\n<\/td>\n<td>\n<p align=\"center\">11<\/p>\n<\/td>\n<td>\n<p align=\"center\">Opettajat<\/p>\n<\/td>\n<\/tr>\n<tr>\n<td><\/td>\n<td><\/td>\n<td><\/td>\n<td><\/td>\n<td><\/td>\n<td><\/td>\n<td><\/td>\n<td><\/td>\n<\/tr>\n<tr>\n<td>\n<p align=\"center\">Parisarjat<\/p>\n<\/td>\n<td><\/td>\n<td><\/td>\n<td><\/td>\n<td><\/td>\n<td><\/td>\n<td><\/td>\n<td><\/td>\n<\/tr>\n<tr>\n<td>\n<p align=\"center\">Parit 1-2 lk RR<\/p>\n<\/td>\n<td>\n<p align=\"center\">1,5\/2,3<\/p>\n<\/td>\n<td>\n<p align=\"center\">9<\/p>\n<\/td>\n<td>\n<p align=\"center\">C-sarja<\/p>\n<\/td>\n<td>\n<p align=\"center\">Parit 3-4 lk RR<\/p>\n<\/td>\n<td>\n<p align=\"center\">1,5\/2,3<\/p>\n<\/td>\n<td>\n<p align=\"center\">9<\/p>\n<\/td>\n<td>\n<p align=\"center\">C-sarja<\/p>\n<\/td>\n<\/tr>\n<tr>\n<td>\n<p align=\"center\">Parit 5-6 lk TR<\/p>\n<\/td>\n<td style=\"text-align: center;\">\u00a01,7<\/td>\n<td style=\"text-align: center;\">\u00a06<\/td>\n<td>\u00a0C-sarja<\/td>\n<td>\u00a0Parit 7-9 lk<\/td>\n<td style=\"text-align: center;\">\u00a03,0<\/td>\n<td style=\"text-align: center;\">\u00a09<\/td>\n<td>\u00a0B-sarja<\/td>\n<\/tr>\n<\/tbody>\n<\/table>\n<h2>9. Maali ja maalileimaus<\/h2>\n<p>Viimeiselt\u00e4 rastilta johtaa viitoitus maaliin, jossa on maalileimaus. Viimeisell\u00e4 rastilla rastipukissa on sek\u00e4 koodi 51 ett\u00e4 RR5. Maalileimauksen j\u00e4lkeen kilpailija jatkaa leimantarkastukseen, jossa Emit-kortti luetaan. Keskeytt\u00e4neiden on my\u00f6s ilmoittauduttava maalissa. Ep\u00e4selv\u00e4t suoritukset selvitet\u00e4\u00e4n heti itkumuurilla, joka on leimantarkistuksen yhteydess\u00e4.<\/p>\n<p>Ajanotto tapahtuu maalileimauksena maaliviivalla olevaan Emit-leimasimeen. T\u00e4m\u00e4n j\u00e4lkeen Emit-kortti luetaan kortinlukupisteess\u00e4. Puuttuva maalileima johtaa hylk\u00e4\u00e4miseen.<\/p>\n<p>Huom! Vuokratut Emit-kortit palautettava infoon.<\/p>\n<p>Karttaa ei ker\u00e4t\u00e4 pois, eik\u00e4 sit\u00e4 saa n\u00e4ytt\u00e4\u00e4 muille kilpailijoille ennen viimeist\u00e4 l\u00e4ht\u00f6aikaa.<\/p>\n<p>Maali suljetaan klo 13.30.<\/p>\n<h2>10. Rastiv\u00e4liajat ja tulokset<\/h2>\n<p>Tulokset pyrit\u00e4\u00e4n saamaan online-tuloksina\u00a0nettiin ja niit\u00e4 ei ole erikseen n\u00e4ht\u00e4viss\u00e4 tulostaululla. Linkki online-tuloksiin l\u00f6ytyy\u00a0internet-osoitteesta <a href=\"http:\/\/www.satakunnansuunnistus.fi\">www.satakunnansuunnistus.fi<\/a>.<\/p>\n<h2>11. Kielletyt alueet<\/h2>\n<p>Erikseen merkityille alueille, pihoille ja viljellyiksi merkityille pelloille (pistepellot) meno on kielletty.<\/p>\n<h2>12. Palkintojen jako<\/h2>\n<p>Palkinnot jaetaan sarjojen kolmelle parhaalle ohjeiden mukaan sarjoittain tulosten selvitty\u00e4.<\/p>\n<h2>13. Pukeutuminen, pesu ja WC:t<\/h2>\n<p>Pukeutuminen ja pesu on sis\u00e4ll\u00e4 kilpailukeskuksessa ainoastaan naisille. \u00a0<b>EI SUUNNISTUSJALKINEILLA TAI NASTAREILLA SIS\u00c4TILOIHIN.<\/b><\/p>\n<p>WC:t miehille ja naisille ovat kilpailukeskuksessa sis\u00e4tiloissa. <b>EI SUUNNISTUSJALKINEILLA TAI NASTAREILLA SIS\u00c4TILOIHIN.<\/b><\/p>\n<h2>14. Ensiapu<\/h2>\n<p>Ensiapupiste on kilpailukeskuksessa.<\/p>\n<h2>15. Paikoitus<\/h2>\n<p>Paikoitus kilpailukeskuksessa, Kaiturintie 179.<\/p>\n<h2>16. Kahvio<\/h2>\n<p>Infon yhteydess\u00e4 mahdollisuus ostaa juotavaa ja sy\u00f6t\u00e4v\u00e4\u00e4. Kahvion j\u00e4rjest\u00e4j\u00e4n\u00e4 toimii Porin Kristillisen koulun 5-6-luokka.<\/p>\n<\/div>\n<\/div>\n<\/div>\n<\/div>\n<\/div>\n","protected":false},"excerpt":{"rendered":"<p>Kilpailuohjeet (alustavat) KLL:n Satakunnan piirin suunnistusmestaruuskilpailut 11.5.2017 &nbsp; Kilpailukeskus: Luvian Vedon hiihtomaja, Kaiturintie 179, 29180\u00a0Luvia Kilpailuohjeet (alustavat) &nbsp; Kilpailus\u00e4\u00e4nn\u00f6t Kilpailussa noudatetaan SSL:n lajis\u00e4\u00e4nt\u00f6j\u00e4 ja n\u00e4it\u00e4 j\u00e4rjest\u00e4j\u00e4n ohjeita. 1. Toimihenkil\u00f6t Kilpailunjohtaja Kimmo Mieskoski \u00a0 \u00a0 \u00a0 \u00a0 \u00a0 \u00a0 \u00a0045-6766 891 Valvoja Tulospalvelu PoKrin 5-6-luokka Ratamestari Kimmo Mieskoski &nbsp; 2. Kartta [&hellip;]<\/p>\n","protected":false},"author":3,"featured_media":0,"parent":0,"menu_order":0,"comment_status":"closed","ping_status":"closed","template":"","meta":{"footnotes":""},"class_list":["post-2242","page","type-page","status-publish","hentry"],"_links":{"self":[{"href":"https:\/\/www.satakunnansuunnistus.fi\/index.php?rest_route=\/wp\/v2\/pages\/2242","targetHints":{"allow":["GET"]}}],"collection":[{"href":"https:\/\/www.satakunnansuunnistus.fi\/index.php?rest_route=\/wp\/v2\/pages"}],"about":[{"href":"https:\/\/www.satakunnansuunnistus.fi\/index.php?rest_route=\/wp\/v2\/types\/page"}],"author":[{"embeddable":true,"href":"https:\/\/www.satakunnansuunnistus.fi\/index.php?rest_route=\/wp\/v2\/users\/3"}],"replies":[{"embeddable":true,"href":"https:\/\/www.satakunnansuunnistus.fi\/index.php?rest_route=%2Fwp%2Fv2%2Fcomments&post=2242"}],"version-history":[{"count":1,"href":"https:\/\/www.satakunnansuunnistus.fi\/index.php?rest_route=\/wp\/v2\/pages\/2242\/revisions"}],"predecessor-version":[{"id":2243,"href":"https:\/\/www.satakunnansuunnistus.fi\/index.php?rest_route=\/wp\/v2\/pages\/2242\/revisions\/2243"}],"wp:attachment":[{"href":"https:\/\/www.satakunnansuunnistus.fi\/index.php?rest_route=%2Fwp%2Fv2%2Fmedia&parent=2242"}],"curies":[{"name":"wp","href":"https:\/\/api.w.org\/{rel}","templated":true}]}}