{"id":1719,"date":"2016-06-30T12:41:15","date_gmt":"2016-06-30T09:41:15","guid":{"rendered":"http:\/\/www.satakunnansuunnistus.fi\/?page_id=1719"},"modified":"2016-08-05T13:59:44","modified_gmt":"2016-08-05T10:59:44","slug":"jazz-rastiviikko","status":"publish","type":"page","link":"https:\/\/www.satakunnansuunnistus.fi\/?page_id=1719","title":{"rendered":"Jazz-rastiviikko"},"content":{"rendered":"<p style=\"text-align: left;\"><strong>Tapahtumat vuonna 2016<\/strong><\/p>\n<p>1) Nakkilan Wisa\u00a09.7.2016 (Nakkila, Suomalaisentie) (Kartanmyynti: klo 13.00-14.00)<br \/>\n2) Vallan Suunta\u00a010.7.2016 (Harjavalta, Hiittenharjuntie)\u00a0(Kartanmyynti: klo 13.00-14.00)<br \/>\n3) Rastikarhut 11.7.2016 (Pori, Mets\u00e4miehenkatu)\u00a0(Kartanmyynti: klo 17.00-18.30)<br \/>\n4) Kokem\u00e4en Kova-V\u00e4ki\u00a012.7.2016 (Kokem\u00e4ki, Levonm\u00e4entie)\u00a0(Kartanmyynti: klo 17.00-18.30)<br \/>\n5) Ulvilan Ura\u00a013.7.2016 (Ulvila, Pappilantie)\u00a0(Kartanmyynti: klo 17.00-18.30)<br \/>\n6) Suosmeren Salpa 14.7.2016 (Ulvila, Suosmerentie)\u00a0(Kartanmyynti: klo 17.00-18.30)<br \/>\n7) Palo-88 15.7.2016 (Luvia, Paarnoorintie)\u00a0(Kartanmyynti: klo 17.00-18.30)<\/p>\n<div id=\"em-osm-locations-map-container-13\"class=\"em-osm-container\"><link rel=\"stylesheet\"href=\"https:\/\/www.satakunnansuunnistus.fi\/wp-content\/plugins\/stonehenge-em-osm\/assets\/public-em-osm.min.css\"><script src=\"https:\/\/www.satakunnansuunnistus.fi\/wp-content\/plugins\/stonehenge-em-osm\/assets\/public-em-osm.min.js\"><\/script><div id=\"em-osm-map-13\"class=\"em-osm-map-multiple\"style=\"width: 640px; height: 400px;\"><\/div><script>if(L.Browser.mobile){var mobileDrag=false;var mobileZoom=false}else{var mobileDrag=true;var mobileZoom=true}var pluginUrl='https:\/\/www.satakunnansuunnistus.fi\/wp-content\/plugins\/stonehenge-em-osm\/assets\/images\/marker-icon-2x-',shadowUrl='https:\/\/www.satakunnansuunnistus.fi\/wp-content\/plugins\/stonehenge-em-osm\/assets\/images\/marker-shadow.png',zoomLevel=15,zoomButtons=false,mapOptions={zoom:zoomLevel,zoomSnap:0.25,zoomControl:zoomButtons,zoomDisplayControl:false,scrollWheelZoom:mobileZoom,dragging:mobileDrag,},mapIcon=new L.Icon({});LeafIcon=L.Icon.extend({options:{iconSize:[25,41],iconAnchor:[12,41],popupAnchor:[1,-40],shadowSize:[41,41],shadowUrl:'https:\/\/www.satakunnansuunnistus.fi\/wp-content\/plugins\/stonehenge-em-osm\/assets\/images\/marker-shadow.png',}}),showFullscreen='no',showScale='yes';<\/script><script>var locations=[[\"<strong>Anola, Uusikuja<\/strong><p>Uusikuja 220<\/p><p>Nakkila<\/p>\",61.38764759999999,22.030499400000053,'blue'],[\"<strong>Er\u00e4lampi, Kaasmarkuntie<\/strong><p>Kaasmarkuntie 447<\/p><p>Nakkila<\/p>\",61.4204331,22.028281300000003,'blue'],[\"<strong>Friitalan koulukeskus<\/strong><p>Kaarinantie 2<\/p><p>Ulvila<\/p>\",61.423389,21.871176,'blue'],[\"<strong>Haistilan louhimo<\/strong><p>J\u00e4rvikyl\u00e4ntie 162<\/p><p>Ulvila<\/p>\",61.389886465389246,21.89011071271966,'blue'],[\"<strong>Harjavallan tanssihalli<\/strong><p>Eurantie 9<\/p><p>Harjavalta<\/p>\",61.30376390155677,22.132511311669987,'blue'],[\"<strong>Harjavallan vanha kaatopaikka<\/strong><p>Kettulantie 196<\/p><p>Harjavalta<\/p>\",61.33543259999999,22.185478200000034,'blue'],[\"<strong>Harjavalta, Hirvikallio<\/strong><p>Kettulantie 386<\/p><p>Harjavalta<\/p>\",61.3447366,22.203565000000026,'blue'],[\"<strong>Harjavalta, Hosiossaari<\/strong><p>Hosiossaarentie 1<\/p><p>Harjavalta<\/p>\",61.29531439999999,22.118494499999997,'blue'],[\"<strong>Harjavalta, Huovintie<\/strong><p>Voitoistentie 167<\/p><p>Harjavalta<\/p>\",61.2809233,22.154641500000025,'blue'],[\"<strong>Harjavalta, Koirakorventie<\/strong><p>Koirakorventie 281<\/p><p>Harjavalta<\/p>\",61.36419950000001,22.14184190000003,'blue'],[\"<strong>Harjavalta, Raasankallio<\/strong><p>Raasankallion mets\u00e4tie 230<\/p><p>Harjavalta<\/p>\",61.3355111,22.207664900000054,'blue'],[\"<strong>Harjavalta, R\u00e4ik\u00e4nm\u00e4ki<\/strong><p>Pirkkalantie 29<\/p><p>Harjavalta<\/p>\",61.3331158,22.152953499999967,'blue'],[\"<strong>Harjavalta, Sortti<\/strong><p>Pr\u00e4ik\u00e4ntie 240<\/p><p>Harjavalta<\/p>\",61.2721302,22.0905391,'blue'],[\"<strong>Harjavalta, Vareksela<\/strong><p>Raasankallion mets\u00e4tie 50<\/p><p>Harjavalta<\/p>\",61.321430141813366,22.191194983081004,'blue'],[\"<strong>Harjunp\u00e4\u00e4n koulu<\/strong><p>Katinh\u00e4nn\u00e4ntie 17<\/p><p>Ulvila<\/p>\",61.49838889999999,21.908973100000026,'blue'],[\"<strong>Harjunp\u00e4\u00e4n urheilukentt\u00e4<\/strong><p>Kullaantie 120<\/p><p>Ulvila<\/p>\",61.49633189999999,21.923814300000004,'blue'],[\"<strong>Hiittenharjun laskettelukeskus<\/strong><p>Hiittenharjuntie 8<\/p><p>Harjavalta<\/p>\",61.29616919999999,22.150664600000027,'blue'],[\"<strong>J\u00e4ril\u00e4n hiihtomaja<\/strong><p>J\u00e4ril\u00e4nvuorentie 230<\/p><p>Kokem\u00e4ki<\/p>\",61.2647522,22.192158999999947,'blue'],[\"<strong>J\u00e4ril\u00e4n laavu<\/strong><p>J\u00e4ril\u00e4nvuorentie 300<\/p><p>Kokem\u00e4ki<\/p>\",61.249194717285945,22.203068233496083,'blue'],[\"<strong>J\u00e4ril\u00e4n varikko<\/strong><p>J\u00e4ril\u00e4nvuorentie 300<\/p><p>Kokem\u00e4ki<\/p>\",61.26091737280713,22.18092391586913,'blue'],[\"<strong>K\u00e4hk\u00f6sen kyl\u00e4kauppa<\/strong><p>Varjuksentie 213<\/p><p>Nakkila<\/p>\",61.40205919999999,22.042470200000025,'blue'],[\"<strong>K\u00e4pp\u00e4r\u00e4n koulu<\/strong><p>K\u00e4pp\u00e4r\u00e4tie 3<\/p><p>Pori<\/p>\",61.4846238,21.763081199999988,'blue'],[\"<strong>Kartanonm\u00e4ki, M\u00e4kipuistontie<\/strong><p>M\u00e4kipuistontie 23<\/p><p>Pori<\/p>\",61.44346160000001,21.848437399999966,'blue'],[\"<strong>Kellahti, Kellahden rantatie<\/strong><p>Kellahden rantatie 23<\/p><p>Pori<\/p>\",61.6019231,21.713171399999965,'blue'],[\"<strong>Kirjurinluoto<\/strong><p>Kirjurinluodontie 4<\/p><p>Pori<\/p>\",61.492278,21.781929,'blue'],[\"<strong>Kirkkokallion hiihtokeskus<\/strong><p>Vanha S\u00f6\u00f6rmarkuntie 290<\/p><p>Pori<\/p>\",61.59216679999999,21.849422000000004,'blue'],[\"<strong>Kokem\u00e4en ravirata<\/strong><p>K\u00f6yli\u00f6ntie 775<\/p><p>Kokem\u00e4ki<\/p>\",61.2029517,22.27532910000002,'blue'],[\"<strong>Kokem\u00e4ki, Haavasoja<\/strong><p>Kauvatsantie 770<\/p><p>Kokem\u00e4ki<\/p>\",61.32096190000001,22.357232599999975,'blue'],[\"<strong>Kokem\u00e4ki, Naalinkallio<\/strong><p>Halkivahanmets\u00e4tie 300<\/p><p>Kokem\u00e4ki<\/p>\",61.1908963,22.445907000000034,'blue'],[\"<strong>Kokem\u00e4ki, Santanen<\/strong><p>Levonm\u00e4entie 266<\/p><p>Kokem\u00e4ki<\/p>\",61.23996750000001,22.23985719999996,'blue'],[\"<strong>Krapisto, Heikkil\u00e4ntie<\/strong><p>Heikkil\u00e4ntie 32<\/p><p>Ulvila<\/p>\",61.4387334,21.918414299999995,'blue'],[\"<strong>Kullaan mets\u00e4koulu<\/strong><p>Sahalahdentie 57<\/p><p>Ulvila<\/p>\",61.4826156,22.19975249999993,'blue'],[\"<strong>Kuorilan louhimo<\/strong><p>Kuorilantie 255<\/p><p>Ulvila<\/p>\",61.4481356,21.983405100000027,'blue'],[\"<strong>Liinaharjan kentt\u00e4<\/strong><p>Liinaharjantie 80<\/p><p>Pori<\/p>\",61.4774671,21.735529300000053,'blue'],[\"<strong>Luvia, Knapernummi<\/strong><p>Vanha Porintie 362<\/p><p>Luvia<\/p>\",61.393369161744396,21.613483733251996,'blue'],[\"<strong>Massin maja<\/strong><p>Massintie 186<\/p><p>Ulvila<\/p>\",61.39592889999999,21.838630999999964,'blue'],[\"<strong>Mastopuisto, Sampolantie<\/strong><p>Mastojentie 1<\/p><p>Pori<\/p>\",61.46277449999999,21.847984099999962,'blue'],[\"<strong>Meri-Porin uimahalli<\/strong><p>Rieskalantie 20<\/p><p>Pori<\/p>\",61.5567596,21.59820669999999,'blue'],[\"<strong>Nakkila, Pime\u00e4korpi<\/strong><p>Puonistontie 100<\/p><p>Nakkila<\/p>\",61.3960941,21.941926299999977,'blue'],[\"<strong>Nakkila, Pime\u00e4korpi<\/strong><p>Puomistontie 95<\/p><p>Nakkila<\/p>\",61.3941083,21.932022200000006,'blue'],[\"<strong>Nakkila, Selk\u00e4kangas<\/strong><p>Anolantie 409<\/p><p>Nakkila<\/p>\",61.39865292477206,21.984119873046893,'blue'],[\"<strong>Nakkilan er\u00e4pirtti<\/strong><p>Papintie 275<\/p><p>Nakkila<\/p>\",61.36342860000001,21.94379989999993,'blue'],[\"<strong>Nakkilan liikuntakeskus<\/strong><p>Kuntopolku 1<\/p><p>Nakkila<\/p>\",61.367464,22.016910300000063,'blue'],[\"<strong>Niittymaa, Niittymaantie<\/strong><p>Niittymaantie 105<\/p><p>Pori<\/p>\",61.42449689999999,21.723483200000032,'blue'],[\"<strong>Niittymaa, Niittymaantie<\/strong><p>Niittymaantie 105<\/p><p>Pori<\/p>\",61.42449689999999,21.723483200000032,'blue'],[\"<strong>Noormarkku, Kirkkokallio<\/strong><p>Vanha S\u00f6\u00f6rmarkuntie 290<\/p><p>Pori<\/p>\",61.59216679999999,21.849422000000004,'blue'],[\"<strong>Noormarkku, Matalakoski<\/strong><p>Vanha Vaasantie 390<\/p><p>Pori<\/p>\",61.6175189,21.809203700000012,'blue'],[\"<strong>Noormarkku, N\u00e4si<\/strong><p>Teermossantie<\/p><p>Pori<\/p>\",61.6081108,21.894156599999974,'blue'],[\"<strong>Noormarkun urheilutalo<\/strong><p>Finpyyntie 18<\/p><p>Pori<\/p>\",61.59009039999999,21.872614999999996,'blue'],[\"<strong>Palok\u00e4rjen maja<\/strong><p>Vanha Porintie 284<\/p><p>Luvia<\/p>\",61.38946559999999,21.623749699999962,'blue'],[\"<strong>Pikkurottaj\u00e4rvi, Kullaantie<\/strong><p>Kullaantie 508<\/p><p>Ulvila<\/p>\",61.51200718396317,21.983648206298767,'blue'],[\"<strong>Pirkkalan koulu<\/strong><p>Rantalankatu 1<\/p><p>Harjavalta<\/p>\",61.3362163,22.13540999999998,'blue'],[\"<strong>Pitk\u00e4j\u00e4rven vapaa-ajankeskus<\/strong><p>Urheilutie 15<\/p><p>Kokem\u00e4ki<\/p>\",61.2240037,22.269065599999976,'blue'],[\"<strong>Porin ilmailuopisto<\/strong><p>Ilmailuopistontie 187<\/p><p>Pori<\/p>\",61.45686430000001,21.789167700000007,'blue'],[\"<strong>Porin urheilukeskus<\/strong><p>Mets\u00e4miehenkatu 19<\/p><p>Pori<\/p>\",61.4748666,21.771024200000056,'blue'],[\"<strong>Preiviikin urheilukentt\u00e4<\/strong><p>Paarnoorintie 340<\/p><p>Pori<\/p>\",61.496393,21.62803180000003,'blue'],[\"<strong>Reposaaren urheilukentt\u00e4<\/strong><p>Satamapuisto 50<\/p><p>Pori<\/p>\",61.61460839999999,21.44274759999996,'blue'],[\"<strong>Risten moottorirata<\/strong><p>Ronkantie 84<\/p><p>Kokem\u00e4ki<\/p>\",61.25588089999999,22.4218429,'blue'],[\"<strong>Ruosniemen koulu<\/strong><p>Tilsantie 11<\/p><p>Pori<\/p>\",61.51186169999999,21.86324179999997,'blue'],[\"<strong>Ruosniemen laskettelukeskus<\/strong><p>Myyrynkuja 45<\/p><p>Pori<\/p>\",61.5081224,21.873902899999962,'blue'],[\"<strong>Salomonkallion hiihtokeskus<\/strong><p>Suomalaisentie 73<\/p><p>Nakkila<\/p>\",61.4115394,22.04865010000003,'blue'],[\"<strong>Satalinna<\/strong><p>Satalinnantie 75<\/p><p>Harjavalta<\/p>\",61.343831,22.090659,'blue'],[\"<strong>Suosmeren koulu<\/strong><p>Suosmerentie 162<\/p><p>Ulvila<\/p>\",61.47012669999999,21.897031200000015,'blue'],[\"<strong>Takilan teollisuusalue<\/strong><p>Porintie 334<\/p><p>Luvia<\/p>\",61.3743298,21.65586899999994,'blue'],[\"<strong>Tammen leirikeskus<\/strong><p>Tammentie 197<\/p><p>Ulvila<\/p>\",61.494882,22.199456599999962,'blue'],[\"<strong>Tekunkorpi, Mekaanikontie<\/strong><p>Mekaanikontie 1<\/p><p>Pori<\/p>\",61.4908516,21.7242205,'blue'],[\"<strong>Tervasm\u00e4en laavu<\/strong><p>Tervasm\u00e4entie 104<\/p><p>Nakkila<\/p>\",61.376694682264606,21.933230640136685,'blue'],[\"<strong>Toiveen maja<\/strong><p>Kotkantie 619<\/p><p>Ulvila<\/p>\",61.3841305,21.80101669999999,'blue'],[\"<strong>Toukari, Kiimakalliot<\/strong><p>Lasitie 341<\/p><p>Pori<\/p>\",61.5584516,21.756321299999968,'blue'],[\"<strong>Toukari, Lasitie<\/strong><p>Lasitie 10<\/p><p>Pori<\/p>\",61.54455770000001,21.807660199999987,'blue'],[\"<strong>Toukarin koulu<\/strong><p>Yrj\u00f6nkalliontie 5<\/p><p>Pori<\/p>\",61.53298939999999,21.76949620000005,'blue'],[\"<strong>Ulvila, Pirunkynsi<\/strong><p>Tampereentie 260<\/p><p>Ulvila<\/p>\",61.46044300000001,21.918324900000016,'blue'],[\"<strong>Ulvilan Antinkartano<\/strong><p>Ravanintie 359<\/p><p>Ulvila<\/p>\",61.4129504,21.939594299999953,'blue'],[\"<strong>Ulvilan FK-rata<\/strong><p>Helsingintie 520<\/p><p>Ulvila<\/p>\",61.4069167,21.91615550000006,'blue'],[\"<strong>Ulvilan Kaskelotti<\/strong><p>Pappilantie2<\/p><p>Ulvila<\/p>\",61.4324376,21.88817259999996,'blue'],[\"<strong>Ulvilan vesitorni<\/strong><p>Tutintie 15<\/p><p>Ulvila<\/p>\",61.43311559999999,21.926001000000042,'blue'],[\"<strong>Vanhakyl\u00e4n koulu<\/strong><p>Is\u00e4nn\u00e4npolku 2<\/p><p>Ulvila<\/p>\",61.434222,21.895323,'blue'],[\"<strong>Viasveden FK-rata<\/strong><p>Vanha Raumantie 699<\/p><p>Pori<\/p>\",61.44146840000001,21.658475599999974,'blue'],[\"<strong>Viikkala, M\u00e4kirinta<\/strong><p>M\u00e4kirinantie 194<\/p><p>Nakkila<\/p>\",61.3723939,22.07245260000002,'blue'],[\"<strong>Viikkala, V\u00e4\u00e4r\u00e4ahde<\/strong><p>Osontie 128<\/p><p>Nakkila<\/p>\",61.38923519999999,22.065901199999985,'blue'],[\"<strong>Yyteri Beach<\/strong><p>Hiekkarannantie 189<\/p><p>Pori<\/p>\",61.5597596,21.53421549999996,'blue'],[\"<strong>Yyteri, Herrainp\u00e4iv\u00e4t<\/strong><p>Kuoppientie 20<\/p><p>Pori<\/p>\",61.5798419,21.497920900000054,'blue'],[\"<strong>Yyteri, Kortej\u00e4rventie<\/strong><p>Kortej\u00e4rventie 31<\/p><p>Pori<\/p>\",61.5662727,21.530402399999957,'blue'],[\"<strong>Yyterin MC-rata<\/strong><p>Vauhtimontuntie 15<\/p><p>Pori<\/p>\",61.5621859,21.561284,'blue']],thisMapTile='\/\/{s}.tile.openstreetmap.org\/{z}\/{x}\/{y}.png',thisMap=L.map('em-osm-map-13',mapOptions);shadowUrl='https:\/\/www.satakunnansuunnistus.fi\/wp-content\/plugins\/stonehenge-em-osm\/assets\/images\/marker-shadow.png';if(thisMapTile.indexOf(\"stamen\")>=0){setMaxZoom=18;setNatZoom=16}else{setMaxZoom=20;setNatZoom=18}thisMap.setView([61.422515330376,21.935614391781]);L.tileLayer(thisMapTile,{attribution:'&copy; <a href=\\\"https:\/\/www.openstreetmap.org\/copyright\\\" target=\\\"_blank\\\">OpenStreetMap<\/a>',reuseTiles:true,detectRetina:true,minZoom:1,maxZoom:L.Browser.retina?setMaxZoom:setMaxZoom-1,maxNativeZoom:L.Browser.retina?setNatZoom:setNatZoom+1}).addTo(thisMap);thisMap.fitBounds([[61.6175189,22.445907000000034],[61.1908963,21.44274759999996]],{padding:[10,10]});;for(var i=0;i<locations.length;i++){if(locations[i][3].indexOf(\"|\")>=0){customMarker=locations[i][3].split('|');thisIcon=L.ExtraMarkers.icon({shape:customMarker[0],markerColor:customMarker[1],icon:customMarker[2],iconColor:customMarker[3],prefix:customMarker[4],})}else{thisIcon=new LeafIcon({iconUrl:pluginUrl+locations[i][3]+'.png',shadowUrl:shadowUrl})}var\tmarker=new L.marker([locations[i][1],locations[i][2]],{icon:thisIcon}).addTo(thisMap).bindPopup(locations[i][0]).dragging.disable()}function clickZoom(e){thisMap.setView(e.target.getLatLng(),zoomLevel)}if(showFullscreen=='yes'){thisMap.addControl(new L.Control.Fullscreen({position:'topright'}))}if(showScale=='yes'){L.control.scale().addTo(thisMap)}setTimeout(function(){thisMap.invalidateSize()},400);<\/script><\/div>\n<p><strong>Maksut<br \/>\n<\/strong><\/p>\n<ul>\n<li>Ilmoittautuminen paikanp\u00e4\u00e4ll\u00e4\u00a0<strong>5<\/strong><strong>\u20ac<\/strong><\/li>\n<li>Alle 21-vuotiaat suunnistavat <strong>ilmaiseksi<\/strong><\/li>\n<li>Viiden kappaleen maksulipukevihkoa (20\u20ac) voi k\u00e4ytt\u00e4\u00e4 my\u00f6s my\u00f6hemmin Satakunnan suunnistustapahtumissa<\/li>\n<\/ul>\n<p>Maksaminen tapahtuu tapahtuman kilpailukeskuksessa k\u00e4teisell\u00e4 tai maksulipukkeella.<\/p>\n<p><strong>Sarjat ja radat<\/strong><\/p>\n<p>Kartanmyynti alkaa arkisin kello 16.45 ja p\u00e4\u00e4ttyy kello 18.30 ja viikonloppuna alkaa klo 13.00 ja p\u00e4\u00e4ttyy klo 14.00. Yhteiskilpailussa on eripituisia ja -tasoisia ratoja, joista osallistuja voi valita itselle mieluisimman. Tarjolla on ratoja my\u00f6s pienemmille ja kovakuntoisimmille 2 kilometrist\u00e4 6 kilometriin.<\/p>\n<p>Yhteiskilpailussa on mukana my\u00f6s ik\u00e4- ja sukupuolihyvitys, jotta voittoon olisi paremmat mahdollisuudet my\u00f6s muilla kuin miesten p\u00e4\u00e4sarjaik\u00e4isill\u00e4. Ik\u00e4hyvitys lasketaan vuoden 2015 FIN5-suunnistusviikon kilometriaikojen perusteella.<\/p>\n<p><strong>Kartat ja maastot<br \/>\n<\/strong><\/p>\n<p>Kartat ovat alueen huippukartoittajien\u00a0tekemi\u00e4 ja p\u00e4ivitettyj\u00e4 tulostekarttoja (mittakaava 1:10 000).<br \/>\nMaastot\u00a0vaihtelevat tapahtumittain, avokalliomaastoista kangasmaastoon.<\/p>\n<p>Kartat eiv\u00e4t ole karttamuovissa, joten osallistujan kannattaa ottaa oma karttamuovi (A4) mukaan!<\/p>\n<p><strong>Tulokset<\/strong><\/p>\n<p>Tulokset ja v\u00e4liajat l\u00f6ytyv\u00e4t kilpailun j\u00e4lkeen n\u00e4ilt\u00e4 sivuilta sek\u00e4 seurojen omilta sivuilta.<\/p>\n<table border=\"1\" cellspacing=\"1\" cellpadding=\"2\">\n<tbody>\n<tr>\n<td>Jazz-rastiviikko<\/td>\n<td>Aika<\/td>\n<td>Tulokset<\/td>\n<td>V\u00e4liajat<\/td>\n<td>Cup-tulokset<\/td>\n<\/tr>\n<tr>\n<td>1. NaWi<\/td>\n<td>9.7<\/td>\n<td>\u00a0<a href=\"http:\/\/kuntorastit.fi\/tulokset7.aspx?id=136\">Tulokset<\/a><\/td>\n<td><a href=\"http:\/\/kuntorastit.fi\/tulokset7.aspx?id=136\">V\u00e4liajat<\/a><\/td>\n<td>\u00a0<a href=\"http:\/\/www.satakunnansuunnistus.fi\/kuntosuunnistus\/tulokset\/2016\/Jazzrastiviikko_osakilpailu1.html\">Cup-tulokset<\/a><\/td>\n<\/tr>\n<tr>\n<td>2. ValSu<\/td>\n<td>10.7<\/td>\n<td>\u00a0<a href=\"http:\/\/kuntorastit.fi\/tulokset7.aspx?id=152\">Tulokset<\/a><\/td>\n<td><a href=\"http:\/\/kuntorastit.fi\/tulokset7.aspx?id=152\">V\u00e4liajat<\/a><\/td>\n<td>\u00a0<a href=\"http:\/\/www.satakunnansuunnistus.fi\/kuntosuunnistus\/tulokset\/2016\/Jazzrastiviikko_osakilpailu2.html\">Cup-tulokset<\/a><\/td>\n<\/tr>\n<tr>\n<td>3.\u00a0RasKa<\/td>\n<td>11.7<\/td>\n<td>\u00a0<a href=\"http:\/\/www.rastikarhut.fi\/SuunnistusBlog\/kisa.php?ratafile=ei&amp;kausi=2016&amp;tapahtuma=Maanantairastit&amp;nro=16&amp;kisa=MaanantairastitqK16\/MaanantairastitqK16\">Tulokset<\/a><\/td>\n<td><a href=\"http:\/\/www.rastikarhut.fi\/SuunnistusBlog\/kisa.php?ratafile=ei&amp;kausi=2016&amp;tapahtuma=Maanantairastit&amp;nro=16&amp;kisa=MaanantairastitqK16\/MaanantairastitqK16\">V\u00e4liajat<\/a><\/td>\n<td>\u00a0<a href=\"http:\/\/www.satakunnansuunnistus.fi\/kuntosuunnistus\/tulokset\/2016\/Jazzrastiviikko_osakilpailu3.html\">Cup-tulokset<\/a><\/td>\n<\/tr>\n<tr>\n<td>4. KoKV<\/td>\n<td>12.7<\/td>\n<td>\u00a0<a href=\"http:\/\/kuntorastit.fi\/tulokset7.aspx?id=153\">Tulokset<\/a><\/td>\n<td><a href=\"http:\/\/kuntorastit.fi\/tulokset7.aspx?id=153\">V\u00e4liajat<\/a><\/td>\n<td>\u00a0<a href=\"http:\/\/www.satakunnansuunnistus.fi\/kuntosuunnistus\/tulokset\/2016\/Jazzrastiviikko_osakilpailu4.html\">Cup-tulokset<\/a><\/td>\n<\/tr>\n<tr>\n<td>5. UlvUra<\/td>\n<td>13.7<\/td>\n<td>\u00a0<a href=\"http:\/\/torstairastit.org\/tulokset\/2016\/7\/13\">Tulokset<\/a><\/td>\n<td><a href=\"http:\/\/torstairastit.org\/valiajat\/2016\/7\/13\">V\u00e4liajat<\/a><\/td>\n<td>\u00a0<a href=\"http:\/\/www.satakunnansuunnistus.fi\/kuntosuunnistus\/tulokset\/2016\/Jazzrastiviikko_osakilpailu5.html\">Cup-tulokset<\/a><\/td>\n<\/tr>\n<tr>\n<td>6. SuosmSa<\/td>\n<td>14.7<\/td>\n<td>\u00a0<a href=\"http:\/\/torstairastit.org\/tulokset\/2016\/7\/14\">Tulokset<\/a><\/td>\n<td><a href=\"http:\/\/torstairastit.org\/valiajat\/2016\/7\/14\">V\u00e4liajat<\/a><\/td>\n<td>\u00a0<a href=\"http:\/\/www.satakunnansuunnistus.fi\/kuntosuunnistus\/tulokset\/2016\/Jazzrastiviikko_osakilpailu6.html\">Cup-tulokset<\/a><\/td>\n<\/tr>\n<tr>\n<td>7. Palo-88<\/td>\n<td>15.7.<\/td>\n<td>\u00a0<a href=\"http:\/\/torstairastit.org\/tulokset\/2016\/7\/15\">Tulokset<\/a><\/td>\n<td><a href=\"http:\/\/torstairastit.org\/valiajat\/2016\/7\/15\">V\u00e4liajat<\/a><\/td>\n<td>\u00a0<a href=\"http:\/\/www.satakunnansuunnistus.fi\/kuntosuunnistus\/tulokset\/2016\/Jazzrastiviikko_osakilpailu7.html\">Cup-tulokset<\/a><\/td>\n<\/tr>\n<\/tbody>\n<\/table>\n<p><a href=\"http:\/\/www.satakunnansuunnistus.fi\/kuntosuunnistus\/tulokset\/2016\/Jazzrastiviikko_yhteistulokset.html\">Cupin lopulliset yhteistulokset<\/a><\/p>\n<p><strong>Palkinnot<\/strong><\/p>\n<p>Kaikkien yhteiskilpailuun (v\u00e4hint\u00e4\u00e4n viiteen\u00a0osakilpailuun) osallistuneiden kesken arvotaan arvontapalkintoja. Lis\u00e4ksi yhteiskilpailun 7. paras, 23. paras, 42. paras ja 8. viimeinen palkitaan, yhteiskilpailuun lasketaan 5 parasta suoritusta. P\u00e4\u00e4palkintona on lahjakortti Suunnistajan kauppaan (arvo 70 euroa).<\/p>\n<p>Palkintojen saajat l\u00f6ytyv\u00e4t Cupin yhteistulosten linkist\u00e4.<\/p>\n<p><strong>Lis\u00e4tietoa<\/strong><\/p>\n<p>Mik\u00e4li jokin j\u00e4i viel\u00e4 mietitytt\u00e4m\u00e4\u00e4n, ota yhteys Kimmo Mieskoskeen 045-6766 891.<\/p>\n","protected":false},"excerpt":{"rendered":"<p>Tapahtumat vuonna 2016 1) Nakkilan Wisa\u00a09.7.2016 (Nakkila, Suomalaisentie) (Kartanmyynti: klo 13.00-14.00) 2) Vallan Suunta\u00a010.7.2016 (Harjavalta, Hiittenharjuntie)\u00a0(Kartanmyynti: klo 13.00-14.00) 3) Rastikarhut 11.7.2016 (Pori, Mets\u00e4miehenkatu)\u00a0(Kartanmyynti: klo 17.00-18.30) 4) Kokem\u00e4en Kova-V\u00e4ki\u00a012.7.2016 (Kokem\u00e4ki, Levonm\u00e4entie)\u00a0(Kartanmyynti: klo 17.00-18.30) 5) Ulvilan Ura\u00a013.7.2016 (Ulvila, Pappilantie)\u00a0(Kartanmyynti: klo 17.00-18.30) 6) Suosmeren Salpa 14.7.2016 (Ulvila, Suosmerentie)\u00a0(Kartanmyynti: klo 17.00-18.30) 7) Palo-88 15.7.2016 [&hellip;]<\/p>\n","protected":false},"author":3,"featured_media":0,"parent":0,"menu_order":0,"comment_status":"closed","ping_status":"closed","template":"","meta":{"footnotes":""},"class_list":["post-1719","page","type-page","status-publish","hentry"],"_links":{"self":[{"href":"https:\/\/www.satakunnansuunnistus.fi\/index.php?rest_route=\/wp\/v2\/pages\/1719","targetHints":{"allow":["GET"]}}],"collection":[{"href":"https:\/\/www.satakunnansuunnistus.fi\/index.php?rest_route=\/wp\/v2\/pages"}],"about":[{"href":"https:\/\/www.satakunnansuunnistus.fi\/index.php?rest_route=\/wp\/v2\/types\/page"}],"author":[{"embeddable":true,"href":"https:\/\/www.satakunnansuunnistus.fi\/index.php?rest_route=\/wp\/v2\/users\/3"}],"replies":[{"embeddable":true,"href":"https:\/\/www.satakunnansuunnistus.fi\/index.php?rest_route=%2Fwp%2Fv2%2Fcomments&post=1719"}],"version-history":[{"count":13,"href":"https:\/\/www.satakunnansuunnistus.fi\/index.php?rest_route=\/wp\/v2\/pages\/1719\/revisions"}],"predecessor-version":[{"id":1773,"href":"https:\/\/www.satakunnansuunnistus.fi\/index.php?rest_route=\/wp\/v2\/pages\/1719\/revisions\/1773"}],"wp:attachment":[{"href":"https:\/\/www.satakunnansuunnistus.fi\/index.php?rest_route=%2Fwp%2Fv2%2Fmedia&parent=1719"}],"curies":[{"name":"wp","href":"https:\/\/api.w.org\/{rel}","templated":true}]}}